{"id":5556,"date":"2023-01-26T20:14:08","date_gmt":"2023-01-26T20:14:08","guid":{"rendered":"https:\/\/web.natur.cuni.cz\/botanika\/certner\/?page_id=5556"},"modified":"2023-01-26T21:59:13","modified_gmt":"2023-01-26T21:59:13","slug":"cv","status":"publish","type":"page","link":"https:\/\/web.natur.cuni.cz\/botanika\/certner\/cv\/","title":{"rendered":"Professional curriculum vitae"},"content":{"rendered":"\n<p>MARTIN \u010cERTNER (n\u00e9 HANZL)<\/p>\n\n\n\n<p>Date of birth: 15\/09\/1987<\/p>\n\n\n\n<p>Nationality: Czech<\/p>\n\n\n\n<p>Married, 1 child<\/p>\n\n\n\n<div style=\"height:20px\" aria-hidden=\"true\" class=\"wp-block-spacer\"><\/div>\n\n\n\n<p>ORCID ID: 0000-0001-5231-4579<\/p>\n\n\n\n<p>Researcher ID: I-6330-2016<\/p>\n\n\n\n<div style=\"height:50px\" aria-hidden=\"true\" class=\"wp-block-spacer\"><\/div>\n\n\n\n<ul class=\"wp-block-list\">\n<li><strong>ACADEMIC POSITIONS<\/strong><\/li>\n<\/ul>\n\n\n\n<p>2019 \u2013&nbsp;&nbsp;&nbsp;&nbsp;&nbsp;&nbsp;&nbsp;&nbsp;&nbsp;&nbsp; <strong>Postdoctoral researcher<\/strong> (part-time position) at the Institute of Botany, The Czech Academy of Sciences<\/p>\n\n\n\n<p>2016 \u2013&nbsp;&nbsp;&nbsp;&nbsp;&nbsp;&nbsp;&nbsp;&nbsp;&nbsp;&nbsp; <strong>Assistant professor<\/strong> (part-time position) at the Department of Botany, Faculty of Science, Charles University<\/p>\n\n\n\n<p>2014\u20132015&nbsp;&nbsp;&nbsp;&nbsp; Postgradual researcher (part-time position) at the Department of Botany, Faculty of Science, Charles University<\/p>\n\n\n\n<p>2012\u20132018&nbsp;&nbsp;&nbsp;&nbsp; Postgradual researcher (part-time position) at the Institute of Botany, The Czech Academy of Sciences<\/p>\n\n\n\n<div style=\"height:50px\" aria-hidden=\"true\" class=\"wp-block-spacer\"><\/div>\n\n\n\n<ul class=\"wp-block-list\">\n<li><strong>EDUCATION<\/strong><\/li>\n<\/ul>\n\n\n\n<p>2012\u20132018&nbsp;&nbsp;&nbsp;&nbsp; <strong>PhD. study<\/strong> of Botany at the Department of Botany, Faculty of Science, Charles University. \u201d<em>Microevolutionary processes in mixed-ploidy populations of plants<\/em>\u201d Supervisor: Jan Suda (deceased 03\/2017, then formally replaced by Filip Kol\u00e1\u0159); defense 26\/02\/2018.<\/p>\n\n\n\n<p>2010\u20132012&nbsp;&nbsp;&nbsp;&nbsp; Mgr. study of Botany at the Department of Botany, Faculty of Science, Charles University. \u201c<em>Processes governing sympatric coexistence of di- and tetraploid cytotypes<br>in primary contact zone of <\/em>Knautia arvensis<em> agg.<\/em>\u201d Supervisor: Filip Kol\u00e1\u0159; defense 17\/09\/2012.<\/p>\n\n\n\n<p>2007\u20132010&nbsp;&nbsp;&nbsp;&nbsp; Bc. study of Biology at the Faculty of Science, Charles University. \u201c<em>Ecological and evolutionary processes in primary contact zone of cytotypes of&nbsp;<\/em>Knautia arvensis<em>&nbsp;agg.<\/em>\u201d Supervisor: Filip Kol\u00e1\u0159; defense 07\/06\/2010.<\/p>\n\n\n\n<div style=\"height:50px\" aria-hidden=\"true\" class=\"wp-block-spacer\"><\/div>\n\n\n\n<ul class=\"wp-block-list\">\n<li><strong>FELLOWSHIPS AND RESEARCH STAYS<\/strong><\/li>\n<\/ul>\n\n\n\n<p>2021\u20132022&nbsp;&nbsp;&nbsp;&nbsp; <strong>Postdoctoral fellow<\/strong>\u2013 Department of Biology, <strong>University of Fribourg<\/strong> (Switzerland) Parisod lab (17 months): Genomics of local adaptation in <em>Biscutella laevigata<\/em>, gene expression plasticity of diploids and polyploids in the context of environmental stress<\/p>\n\n\n\n<p>2018&nbsp;&nbsp;&nbsp;&nbsp;&nbsp;&nbsp;&nbsp;&nbsp;&nbsp;&nbsp;&nbsp;&nbsp;&nbsp; <strong>Postdoctoral fellow <\/strong>\u2013 Dept. of Integrative Biology, <strong>University of Guelph<\/strong> (Canada) Husband lab (6 months): Environmental and genetic determinants of unreduced gamete formation in Brassicaceae<\/p>\n\n\n\n<p>2017&nbsp;&nbsp;&nbsp;&nbsp;&nbsp;&nbsp;&nbsp;&nbsp;&nbsp;&nbsp;&nbsp;&nbsp;&nbsp; Visiting researcher \u2013 Department of Biology, <strong>Lund University <\/strong>(Sweden)&nbsp;&nbsp;&nbsp;&nbsp;&nbsp; Collaboration with Mikael Hedr\u00e9n (3 months): Phylogeography and systematics of <em>Tripleurospermum maritimum<\/em> agg.<\/p>\n\n\n\n<p>2013\u20132014&nbsp;&nbsp;&nbsp;&nbsp; Visiting researcher \u2013 Institute of Botany, <strong>University of Innsbruck <\/strong>(Austria) Collaboration with Peter Sch\u00f6nswetter (3 short-term stays, 2 weeks in total): Allopolyploidy and introgressive hybridization in endemic species of <em>Knautia<\/em><\/p>\n\n\n\n<div style=\"height:50px\" aria-hidden=\"true\" class=\"wp-block-spacer\"><\/div>\n\n\n\n<ul class=\"wp-block-list\">\n<li><strong>MAIN RESEARCH INTERESTS<\/strong>\n<ul class=\"wp-block-list\">\n<li>mechanisms of polyploid speciation in plants<\/li>\n\n\n\n<li>drivers of cytotype coexistence<\/li>\n\n\n\n<li>inter-ploidy breeding barriers<\/li>\n\n\n\n<li>evolution of genome-size variation<\/li>\n\n\n\n<li>genomics of local adaptation<\/li>\n\n\n\n<li>plant biosystematics<\/li>\n<\/ul>\n<\/li>\n<\/ul>\n\n\n\n<div style=\"height:50px\" aria-hidden=\"true\" class=\"wp-block-spacer\"><\/div>\n\n\n\n<ul class=\"wp-block-list\">\n<li><strong>MAJOR COLLABORATIONS<\/strong><\/li>\n<\/ul>\n\n\n\n<p>Peter Sch\u00f6nswetter (University of Innsbruck, Austria): patterns of introgressive hybridisation<\/p>\n\n\n\n<p>Jo\u00e3o Loureiro (University of Coimbra, Portugal): best practices in plant flow cytometry<\/p>\n\n\n\n<p>Anne K. Brysting (University of Oslo, Norway): gametic non-reduction in arctic plants<\/p>\n\n\n\n<p>Brian C. Husband (University of Guelph, Canada): ecology and evolution of polyploids<\/p>\n\n\n\n<p>Christian Parisod (University of Fribourg, Switzerland): ecological genomics of plant polyploids<\/p>\n\n\n\n<div style=\"height:50px\" aria-hidden=\"true\" class=\"wp-block-spacer\"><\/div>\n\n\n\n<ul class=\"wp-block-list\">\n<li><strong>AWARDS<\/strong><\/li>\n<\/ul>\n\n\n\n<p>2019&nbsp;&nbsp;&nbsp;&nbsp;&nbsp;&nbsp;&nbsp;&nbsp;&nbsp;&nbsp;&nbsp;&nbsp;&nbsp; Josef Hl\u00e1vka Award for Czech junior researchers<\/p>\n\n\n\n<div style=\"height:50px\" aria-hidden=\"true\" class=\"wp-block-spacer\"><\/div>\n\n\n\n<ul class=\"wp-block-list\">\n<li><strong>MEMBERSHIP<\/strong><\/li>\n<\/ul>\n\n\n\n<p>2022 \u2013&nbsp; &nbsp;&nbsp;&nbsp;&nbsp;&nbsp;&nbsp;&nbsp;&nbsp;&nbsp;&nbsp;&nbsp; European Society for Evolutionary Biology<\/p>\n\n\n\n<p>2009 \u2013&nbsp; &nbsp;&nbsp;&nbsp;&nbsp;&nbsp;&nbsp;&nbsp;&nbsp;&nbsp;&nbsp;&nbsp; Czech Botanical Society<\/p>\n\n\n\n<p>2018\u20132020&nbsp;&nbsp;&nbsp;&nbsp;&nbsp;&nbsp; Canadian Society for Ecology and Evolution<\/p>\n\n\n\n<div style=\"height:50px\" aria-hidden=\"true\" class=\"wp-block-spacer\"><\/div>\n\n\n\n<ul class=\"wp-block-list\">\n<li><strong>SCI PUBLICATIONS<\/strong><\/li>\n<\/ul>\n\n\n\n<p>I have published <strong>20 articles<\/strong> in SCI journals included in ISI Core Collection, <strong>9<\/strong> as a <strong>first author<\/strong>, 14 without my PhD supervisor. &nbsp;My work has been <strong>cited 332\u00d7<\/strong> (Google Scholar) \/ 257\u00d7 (WoS; 226\u00d7 without self-cites) and my <strong>H-index = 9 <\/strong>(WoS). I presented the results of my research at 13 international conferences during 2009-2022. Citations in the list of papers below are based on WoS (without self-cites).<\/p>\n\n\n\n<p>[20] Kone\u010dn\u00e1, V., \u0160ustr, M., Po\u017e\u00e1rov\u00e1, D., <strong>\u010certner, M.<\/strong>, Krej\u010dov\u00e1, A., Tylov\u00e1, E. &amp; Kol\u00e1\u0159, F. (2022): Genomic basis and phenotypic manifestation of (non-)parallel serpentine adaptation in <em>Arabidopsis arenosa<\/em> \u2013 <em>Evolution<\/em>, 76(10): 2315-2331. (cited 0\u00d7, journal IF = 4.171)<\/p>\n\n\n\n<p>[19] \u010certnerov\u00e1, D., <strong>\u010certner, M.<\/strong>, \u0160kaloud, P. (2022): Alternating nuclear DNA content in chrysophytes provides evidence of their isomorphic haploid-diploid life cycle \u2013 <em>Algal research<\/em>, 64: 102707. (cited 0\u00d7, journal IF = 4.401)<\/p>\n\n\n\n<p>[18] <strong>\u010certner, M.<\/strong>, Rydlo, J., Dud\u00e1\u0161, M. &amp; Hroudov\u00e1, Z. (2022): A unique diploid \u2013 triploid contact zone provides insights into the evolutionary mechanisms of cytotype coexistence in flowering rush (<em>Butomus umbellatus<\/em>) \u2013 <em>Perspectives in Plant Ecology, Evolution and Systematics<\/em>, 54: 125659. (cited 1\u00d7, journal IF = 3.634)<\/p>\n\n\n\n<p>[17] <strong>\u010certner, M.<\/strong>, Lu\u010danov\u00e1, M., Sliwinska, E., Kol\u00e1\u0159, F. &amp; Loureiro, J. (2022): Plant material selection, collection, preservation, and storage for nuclear DNA content estimation \u2013 <em>Cytometry Part A<\/em>, 101: 737-748. (cited 2\u00d7, journal IF = 4.355)<\/p>\n\n\n\n<p>[16] Chumov\u00e1, Z., Z\u00e1vesk\u00e1, E., Hlou\u0161kov\u00e1, P., Ponert, J., Schmidt, P., <strong>\u010certner, M.<\/strong>, Mand\u00e1kov\u00e1, T. &amp; Tr\u00e1vn\u00ed\u010dek, P. (2021): Repeat proliferation and partial endoreplication jointly shape the patterns of genome size evolution in orchids \u2013 <em>The Plant Journal<\/em>, 107: 511-524. (cited 2\u00d7, journal IF = 6.141)<\/p>\n\n\n\n<p>[15] Morgan, E. J., <strong>\u010certner, M.<\/strong>, Lu\u010danov\u00e1, M., Deniz, U., Kub\u00edkov\u00e1, K., Venon, A., Kov\u00e1\u0159\u00edk, O., Lafon Placette, C. &amp; Kol\u00e1\u0159, F. (2021): Disentangling the components of triploid block and its fitness consequences in natural diploid-tetraploid contact zones of <em>Arabidopsis arenosa<\/em> \u2013 <em>New Phytologist<\/em>, 232: 1449-1462. (cited 1\u00d7, journal IF = 8.512)<\/p>\n\n\n\n<p>[14] Kron, P., Loureiro, J., Castro, S. &amp; <strong>\u010certner, M.<\/strong> (2021): Flow cytometric analysis of pollen and spores \u2013 an overview of applications and methodology \u2013 <em>Cytometry Part A<\/em>, 99: 348-358. (cited 6\u00d7, journal IF = 4.355)<\/p>\n\n\n\n<p>[13] Galbraith, D., Loureiro, J., Antoniadi, I., Bainard, J., Bure\u0161, P., C\u00e1pal, P., Castro, M., Castro, S., <strong>\u010certner, M.<\/strong>, \u010certnerov\u00e1, D., Chumov\u00e1, Z., Dole\u017eel, J., Giorgi, D., Husband, B. C., Kol\u00e1\u0159, F., Kouteck\u00fd, P., Kron, P., Leitch, I. J., Ljung, K., Lopes, S., Lu\u010danov\u00e1, M., Lucretti, S., Ma, W., Melzer, S., Moln\u00e1r, I., Nov\u00e1k, O., Poulton, N., Skalick\u00fd, V., Sliwinska, E., \u0160marda, P., Smith, T. W., Sun, G., Talhinhas, P., T\u00e1rnok, A., Temsch, E. M., Tr\u00e1vn\u00ed\u010dek, P. &amp; Urfus, T. (2021): Best practices in plant cytometry \u2013 <em>Cytometry Part A<\/em>, 99: 311-137. (cited 8\u00d7, journal IF = 4.355)<\/p>\n\n\n\n<p>[12]<strong> \u010certner, M.<\/strong> (2020): Why is reproductive isolation between intraspecific cytotypes so important? A commentary on: \u2018Strong post-pollination interactions govern cytotype isolation in a tetraploid\u2013octoploid contact zone\u2019 \u2013 <em>Annals of Botany<\/em>, 126(6): iv-v. (doi:10.1093\/aob\/mcaa158, cited 0\u00d7, journal IF = 4.005)<\/p>\n\n\n\n<p>[11] Morgan, E. J., <strong>\u010certner, M.<\/strong>, Lu\u010danov\u00e1, M., Kub\u00edkov\u00e1, K., Marhold, K. &amp; Kol\u00e1\u0159, F. (2020): Niche similarity in diploid-autotetraploid contact zones of <em>Arabidopsis arenosa<\/em> across spatial scales \u2013 <em>American Journal of Botany<\/em>, 107(10): 1375-1388. (cited 3\u00d7, journal IF = 3.038)<\/p>\n\n\n\n<p>[10]<strong> \u010certner, M.<\/strong>, Kol\u00e1\u0159, F., Frajman, B., Winkler, M. &amp; Sch\u00f6nswetter, P. (2020): Massive introgression weakens boundaries between a regionally endemic allopolyploid and a widespread congener \u2013 <em>Perspectives in Plant Ecology, Evolution and Systematics<\/em>, 42: 125502. (cited 1\u00d7, journal IF = 2.540)<\/p>\n\n\n\n<p>[9] Tr\u00e1vn\u00ed\u010dek, P.,<strong> \u010certner, M.<\/strong>, Ponert, J., Chumov\u00e1, Z., Jers\u00e1kov\u00e1, J. &amp; Suda, J. (2019): Diversity in genome size and GC content shows adaptive potential in orchids and is closely linked to partial endoreplication, plant life\u2010history traits and climatic conditions \u2013 <em>New Phytologist<\/em>, 224: 1642-1656. (cited 22\u00d7, journal IF = 8.512)<\/p>\n\n\n\n<p>[8]<strong> \u010certner, M.<\/strong>, K\u00far, P., Kol\u00e1\u0159, F. &amp; Suda, J. (2019): Climatic conditions and human activities shape diploid\u2013tetraploid coexistence at different spatial scales in the common weed <em>Tripleurospermum inodorum<\/em> (Asteraceae) \u2013 <em>Journal of Biogeography<\/em>, 46: 1355-1366. (cited 6\u00d7, journal IF = 3.720)<\/p>\n\n\n\n<p>&nbsp;[7] \u010certnerov\u00e1, D., <strong>\u010certner, M.<\/strong> &amp; \u0160kaloud, P. (2019): Molecular phylogeny and evolution of phenotype in silica-scaled chrysophyte genus <em>Mallomonas<\/em> \u2013 <em>Journal of Phycology<\/em>, 55: 912-923. (cited 9\u00d7, journal IF = 2.328)<\/p>\n\n\n\n<p>[6] Hanu\u0161ov\u00e1, K., <strong>\u010certner, M.<\/strong>, Urfus, T., Kouteck\u00fd, P., Ko\u0161nar, J., Rothfels, C. J., Jarol\u00edmov\u00e1, V., Pt\u00e1\u010dek, J. &amp; Ekrt, L. (2019): Widespread co-occurrence of multiple ploidy levels in fragile ferns (<em>Cystopteris fragilis<\/em> complex; Cystopteridaceae) probably stems from similar ecology of cytotypes, their efficient dispersal and inter-ploidy hybridization \u2013 <em>Annals of Botany<\/em>, 123: 845-855. (cited 10\u00d7, journal IF = 4.005)<\/p>\n\n\n\n<p>[5]<strong> \u010certner, M.<\/strong>, Sudov\u00e1, R., Weiser, M., Suda, J. &amp; Kol\u00e1\u0159, F. (2019): Ploidy-altered phenotype interacts with local environment and may enhance polyploid establishment in <em>Knautia serpentinicola<\/em> (Caprifoliaceae) \u2013 <em>New Phytologist<\/em>, 221(2): 1117-1127. (cited 12\u00d7, journal IF = 8.512)<\/p>\n\n\n\n<p>&nbsp;[4] Kol\u00e1\u0159, F., <strong>\u010certner, M.<\/strong>, Suda, J., Sch\u00f6nswetter, P. &amp; Husband, B. (2017): Mixed-ploidy species: Progress and opportunities in polyploid research \u2013 <em>Trends in Plant Science<\/em>, 22(12): 1041-1055. (cited 85\u00d7, journal IF = 12.149)<\/p>\n\n\n\n<p>[3]<strong> \u010certner, M.<\/strong>, Fenclov\u00e1, E., K\u00far, P., Kol\u00e1\u0159, F., Kouteck\u00fd, P., Krahulcov\u00e1, A. &amp; Suda, J. (2017): Evolutionary dynamics of mixed-ploidy populations in an annual herb: dispersal, local persistence and recurrent origins of polyploids \u2013 <em>Annals of Botany<\/em>, 120(2): 303-315. (cited 25\u00d7, journal IF = 3.646)<\/p>\n\n\n\n<p>[2]<strong> \u010certner, M.<\/strong>, Kol\u00e1\u0159, F., Sch\u00f6nswetter, P. &amp; Frajman, B. (2015): Does hybridization with a widespread congener threaten the long-term persistence of the Eastern Alpine rare local endemic <em>Knautia carinthiaca<\/em>? \u2013 <em>Ecology and Evolution<\/em>, 5(19): 4263-4276. (cited 9\u00d7, journal IF = 2.537)<\/p>\n\n\n\n<p>[1]<strong> Hanzl, M.<\/strong>, Kol\u00e1\u0159, F., Nov\u00e1kov\u00e1, D. &amp; Suda, J. (2014): Nonadaptive processes governing early stages of polyploid evolution: Insights from a primary contact zone of relict serpentine <em>Knautia arvensis<\/em> (Caprifoliaceae) \u2013 <em>American Journal of Botany<\/em> 101(6): 935-945. (cited 24\u00d7, journal IF = 2.603)<\/p>\n\n\n\n<div style=\"height:50px\" aria-hidden=\"true\" class=\"wp-block-spacer\"><\/div>\n\n\n\n<ul class=\"wp-block-list\">\n<li><strong>SELF-ACQUIRED GRANT PROJECTS<\/strong><\/li>\n<\/ul>\n\n\n\n<p><strong>Research grants (as a principal investigator)<\/strong><\/p>\n\n\n\n<p>2013\u20132015&nbsp;&nbsp;&nbsp;&nbsp; Processes driving the patterns and dynamics of a contact zone of di- and tetraploid cytotypes of <em>Tripleurospermum inodorum<\/em> (Asteraceae) (Grant Agency of the Charles University, GAUK 913213; CZK 831,000)<\/p>\n\n\n\n<p>2011\u20132013&nbsp;&nbsp;&nbsp;&nbsp; Processes governing sympatric coexistence of di- and tetraploid cytotypes in primary contact zone of <em>Knautia arvensis<\/em> agg. (Grant Agency of the Charles University, GAUK 418411; CZK 778,000)<\/p>\n\n\n\n<p><strong>Mobility grants<\/strong><\/p>\n\n\n\n<p>2017&nbsp;&nbsp;&nbsp;&nbsp;&nbsp;&nbsp;&nbsp;&nbsp;&nbsp;&nbsp;&nbsp;&nbsp;&nbsp; Mobility Fond of the Charles University \u2013 Department of Biology, Lund University, Sweden (3 months, collaboration with Mikael Hedr\u00e9n, CZK 25,000)<\/p>\n\n\n\n<div style=\"height:50px\" aria-hidden=\"true\" class=\"wp-block-spacer\"><\/div>\n\n\n\n<ul class=\"wp-block-list\">\n<li><strong>SUPERVISION OF STUDENTS<\/strong><\/li>\n<\/ul>\n\n\n\n<p>Since 2012, I supervised <strong>5 BSc. students<\/strong> (+ 1 as a co-supervisor) and <strong>4 MSc. students<\/strong> (+ 1 as a co-supervisor) at the Charles University.<\/p>\n\n\n\n<p><strong>MSc. students<\/strong><\/p>\n\n\n\n<p>2018\u20132021&nbsp;&nbsp;&nbsp;&nbsp; Eli\u0161ka Pet\u0159\u00edkov\u00e1: Reproductive interactions between diploids and triploids of flowering rush (<em>Butomus umbellatus<\/em>) and their evolutionary potential for mediating inter-ploidy gene flow [date of defense: 02\/09\/2021]<\/p>\n\n\n\n<p>2018\u20132020&nbsp;&nbsp;&nbsp;&nbsp; Mark\u00e9ta Pilneyov\u00e1: The strength of minority cytotype disadvantage in plant populations consisting of diploid and polyploid individuals [date of defense: 02\/09\/2020]<\/p>\n\n\n\n<p>2014\u20132017&nbsp;&nbsp;&nbsp;&nbsp; Hana Ry\u0161av\u00e1: The origin and evolutionary significance of triploid hybrids in diploid-tetraploid contact zone in <em>Tripleurospermum inodorum<\/em> [date of defense: 12\/09\/2017]<\/p>\n\n\n\n<p>2014\u20132016&nbsp;&nbsp;&nbsp;&nbsp; Ane\u017eka Nedomov\u00e1: Mechanisms driving di- and tetraploid coexistence in mixed-ploidy populations of <em>Tripleurospermum inodorum<\/em> [date of defense: 14\/09\/2016]<\/p>\n\n\n\n<p><strong>BSc. students<\/strong><\/p>\n\n\n\n<p>2017\u20132018&nbsp;&nbsp;&nbsp;&nbsp; Mark\u00e9ta Pilneyov\u00e1: Cytotype coexistence in plant populations, its mechanisms and temporal perspectives [date of defense: 07\/09\/2018]<\/p>\n\n\n\n<p>2017\u20132018&nbsp;&nbsp;&nbsp;&nbsp; Eli\u0161ka Pet\u0159\u00edkov\u00e1: The strength and mechanisms of postzygotic breeding barriers between diploids and polyploids in plants [date of defense: 07\/09\/2018]<\/p>\n\n\n\n<p>2015\u20132018&nbsp;&nbsp;&nbsp;&nbsp; Jan David: The patterns of local adaptation to serpentine bedrock in plant populations [date of defense: 05\/06\/2018]<\/p>\n\n\n\n<p>2012\u20132013&nbsp;&nbsp;&nbsp;&nbsp; Hana Ry\u0161av\u00e1 (nee Jirs\u00e1kov\u00e1): The role of triploid hybrids in mixed-ploidy populations of <em>Tripleurospermum inodorum<\/em> (Asteraceae) [date of defense: 10\/06\/2013]<\/p>\n\n\n\n<p>2012\u20132013&nbsp;&nbsp;&nbsp;&nbsp; Ane\u017eka Nedomov\u00e1: Processes determining the stability of cytotype coexistence in plant populations [date of defense: 10\/09\/2013]<\/p>\n\n\n\n<div style=\"height:50px\" aria-hidden=\"true\" class=\"wp-block-spacer\"><\/div>\n\n\n\n<ul class=\"wp-block-list\">\n<li><strong>TEACHING ACTIVITIES<\/strong><\/li>\n<\/ul>\n\n\n\n<p>Lecturer<strong> <\/strong>of mainly BSc. and MSc. courses at the Department of Botany, Charles University<\/p>\n\n\n\n<p><strong>Lectures<\/strong><\/p>\n\n\n\n<p>2018 \u2013&nbsp;&nbsp;&nbsp;&nbsp;&nbsp;&nbsp;&nbsp;&nbsp;&nbsp;&nbsp; Evolution and diversity of vascular plants II (semestral, lecturer 20%; 2 lessons on Malvidae)<\/p>\n\n\n\n<p>2017 \u2013&nbsp;&nbsp;&nbsp;&nbsp;&nbsp;&nbsp;&nbsp;&nbsp;&nbsp;&nbsp; Biosystematics (semestral, lecturer 20%; 2 lessons on Polyploidy and its evolutionary significance)<\/p>\n\n\n\n<p>2016 \u2013&nbsp;&nbsp;&nbsp;&nbsp;&nbsp;&nbsp;&nbsp;&nbsp;&nbsp;&nbsp; Plant morphology (semestral, course leader)<\/p>\n\n\n\n<p>2015 \u2013&nbsp;&nbsp;&nbsp;&nbsp;&nbsp;&nbsp;&nbsp;&nbsp;&nbsp;&nbsp; Plant anatomy and morphology (semestral, lecturer 50%)<\/p>\n\n\n\n<p><strong>Field excursions<\/strong><\/p>\n\n\n\n<p>2015 \u2013&nbsp;&nbsp;&nbsp;&nbsp;&nbsp;&nbsp;&nbsp;&nbsp;&nbsp;&nbsp; Field course in botany (1 week, co-organizer and lecturer)<\/p>\n\n\n\n<p>2013 \u2013&nbsp;&nbsp;&nbsp;&nbsp;&nbsp;&nbsp;&nbsp;&nbsp;&nbsp;&nbsp; Interdisciplinary excursion to European ecosystems (2 weeks, lecturer)<\/p>\n\n\n\n<p>2013 \u2013&nbsp;&nbsp;&nbsp;&nbsp;&nbsp;&nbsp;&nbsp;&nbsp;&nbsp;&nbsp; Field courses of ecological floristics (2 days, lecturer)<\/p>\n\n\n\n<div style=\"height:50px\" aria-hidden=\"true\" class=\"wp-block-spacer\"><\/div>\n\n\n\n<ul class=\"wp-block-list\">\n<li><strong>OUTREACH ACTIVITIES<\/strong><\/li>\n<\/ul>\n\n\n\n<p>2016 \u2013&nbsp;&nbsp;&nbsp;&nbsp;&nbsp;&nbsp;&nbsp;&nbsp;&nbsp;&nbsp; participation in Doors Open events at the Department of Botany, Charles University<\/p>\n\n\n\n<p>2014 \u2013 &nbsp;&nbsp;&nbsp;&nbsp;&nbsp;&nbsp;&nbsp;&nbsp;&nbsp; member of editorial board of the popular-science magazine P\u0159\u00edrodov\u011bdci.cz (http:\/\/prirodovedci.cz, in Czech)<\/p>\n\n\n\n<p>Other outreach activities include 7 popular-science articles, 2 lectures for the public and preparatory seminars for secondary-school students participating in Biology Olympiad.<\/p>\n\n\n\n<div style=\"height:50px\" aria-hidden=\"true\" class=\"wp-block-spacer\"><\/div>\n\n\n\n<ul class=\"wp-block-list\">\n<li><strong>SCIENTIFIC COMMUNITY SERVICE<\/strong>\n<ul class=\"wp-block-list\">\n<li>reviewer of articles for American Journal of Botany, AoB PLANTS, Annals of Botany, Botanical Journal of the Linnean Society, Frontiers in Plant Science, Genes, Oecologia, Perspectives in Plant Ecology, Evolution and Systematics, Plant Ecology and Evolution, Preslia<\/li>\n\n\n\n<li>reviewer of grant applications for Grant Agency of the Charles University (GAUK)<\/li>\n<\/ul>\n<\/li>\n<\/ul>\n\n\n\n<ul class=\"wp-block-list\">\n<li><\/li>\n<\/ul>\n\n\n\n<div style=\"height:100px\" aria-hidden=\"true\" class=\"wp-block-spacer\"><\/div>\n\n\n\n<p class=\"has-text-align-right\"><mark style=\"background-color:rgba(0, 0, 0, 0)\" class=\"has-inline-color has-cyan-bluish-gray-color\">Last updated January 2023<\/mark><\/p>\n","protected":false},"excerpt":{"rendered":"<p>MARTIN \u010cERTNER (n\u00e9 HANZL) Date of birth: 15\/09\/1987 Nationality: Czech Married, 1 child ORCID ID: 0000-0001-5231-4579 Researcher ID: I-6330-2016 2019 \u2013&nbsp;&nbsp;&nbsp;&nbsp;&nbsp;&nbsp;&nbsp;&nbsp;&nbsp;&nbsp; Postdoctoral researcher (part-time position) at the Institute of Botany, The Czech Academy of Sciences 2016 \u2013&nbsp;&nbsp;&nbsp;&nbsp;&nbsp;&nbsp;&nbsp;&nbsp;&nbsp;&nbsp; Assistant professor (part-time position) at the Department of Botany, Faculty of Science, Charles University 2014\u20132015&nbsp;&nbsp;&nbsp;&nbsp; Postgradual researcher (part-time [&hellip;]<\/p>\n","protected":false},"author":1,"featured_media":0,"parent":0,"menu_order":0,"comment_status":"closed","ping_status":"closed","template":"","meta":{"_uag_custom_page_level_css":"","footnotes":""},"class_list":["post-5556","page","type-page","status-publish","hentry"],"uagb_featured_image_src":{"full":false,"thumbnail":false,"medium":false,"medium_large":false,"large":false,"1536x1536":false,"2048x2048":false},"uagb_author_info":{"display_name":"CertnerM","author_link":"https:\/\/web.natur.cuni.cz\/botanika\/certner\/author\/certnerm\/"},"uagb_comment_info":0,"uagb_excerpt":"MARTIN \u010cERTNER (n\u00e9 HANZL) Date of birth: 15\/09\/1987 Nationality: Czech Married, 1 child ORCID ID: 0000-0001-5231-4579 Researcher ID: I-6330-2016 2019 \u2013&nbsp;&nbsp;&nbsp;&nbsp;&nbsp;&nbsp;&nbsp;&nbsp;&nbsp;&nbsp; Postdoctoral researcher (part-time position) at the Institute of Botany, The Czech Academy of Sciences 2016 \u2013&nbsp;&nbsp;&nbsp;&nbsp;&nbsp;&nbsp;&nbsp;&nbsp;&nbsp;&nbsp; Assistant professor (part-time position) at the Department of Botany, Faculty of Science, Charles University 2014\u20132015&nbsp;&nbsp;&nbsp;&nbsp; Postgradual researcher (part-time&hellip;","_links":{"self":[{"href":"https:\/\/web.natur.cuni.cz\/botanika\/certner\/wp-json\/wp\/v2\/pages\/5556","targetHints":{"allow":["GET"]}}],"collection":[{"href":"https:\/\/web.natur.cuni.cz\/botanika\/certner\/wp-json\/wp\/v2\/pages"}],"about":[{"href":"https:\/\/web.natur.cuni.cz\/botanika\/certner\/wp-json\/wp\/v2\/types\/page"}],"author":[{"embeddable":true,"href":"https:\/\/web.natur.cuni.cz\/botanika\/certner\/wp-json\/wp\/v2\/users\/1"}],"replies":[{"embeddable":true,"href":"https:\/\/web.natur.cuni.cz\/botanika\/certner\/wp-json\/wp\/v2\/comments?post=5556"}],"version-history":[{"count":6,"href":"https:\/\/web.natur.cuni.cz\/botanika\/certner\/wp-json\/wp\/v2\/pages\/5556\/revisions"}],"predecessor-version":[{"id":5565,"href":"https:\/\/web.natur.cuni.cz\/botanika\/certner\/wp-json\/wp\/v2\/pages\/5556\/revisions\/5565"}],"wp:attachment":[{"href":"https:\/\/web.natur.cuni.cz\/botanika\/certner\/wp-json\/wp\/v2\/media?parent=5556"}],"curies":[{"name":"wp","href":"https:\/\/api.w.org\/{rel}","templated":true}]}}