{"id":4936,"date":"2021-01-20T10:42:03","date_gmt":"2021-01-20T09:42:03","guid":{"rendered":"https:\/\/ukazky.euweb.cz\/?page_id=4936"},"modified":"2023-08-28T13:02:02","modified_gmt":"2023-08-28T13:02:02","slug":"team","status":"publish","type":"page","link":"https:\/\/web.natur.cuni.cz\/cellbiol\/DevCellBiolPhDconference\/team\/","title":{"rendered":""},"content":{"rendered":"\n<p class=\"has-medium-font-size\"><\/p>\n\n\n\n<h1 class=\"has-text-align-center has-black-color has-text-color wp-block-heading\"><strong>MEET OUR TEAM<\/strong><\/h1>\n\n\n\n<div style=\"height:52px\" aria-hidden=\"true\" class=\"wp-block-spacer\"><\/div>\n\n\n\n<div class=\"wp-block-columns alignwide is-layout-flex wp-container-core-columns-is-layout-9d6595d7 wp-block-columns-is-layout-flex\">\n<div class=\"wp-block-column is-vertically-aligned-center is-layout-flow wp-block-column-is-layout-flow\"><div class=\"wp-block-image\">\n<figure class=\"aligncenter size-large is-resized\"><img loading=\"lazy\" decoding=\"async\" src=\"https:\/\/web.natur.cuni.cz\/cellbiol\/DevCellBiolPhDconference\/wp-content\/uploads\/2022\/08\/Janek-Image-1-993x1024.png\" alt=\"\" class=\"wp-image-5671\" width=\"124\" height=\"127\" srcset=\"https:\/\/web.natur.cuni.cz\/cellbiol\/DevCellBiolPhDconference\/wp-content\/uploads\/2022\/08\/Janek-Image-1-993x1024.png 993w, https:\/\/web.natur.cuni.cz\/cellbiol\/DevCellBiolPhDconference\/wp-content\/uploads\/2022\/08\/Janek-Image-1-291x300.png 291w, https:\/\/web.natur.cuni.cz\/cellbiol\/DevCellBiolPhDconference\/wp-content\/uploads\/2022\/08\/Janek-Image-1-768x792.png 768w, https:\/\/web.natur.cuni.cz\/cellbiol\/DevCellBiolPhDconference\/wp-content\/uploads\/2022\/08\/Janek-Image-1.png 1459w\" sizes=\"auto, (max-width: 124px) 100vw, 124px\" \/><\/figure><\/div>\n\n\n<p class=\"has-text-align-center has-black-color has-text-color\">Jan Ma\u0161ek, <strong>PhD. <\/strong><\/p>\n\n\n\n<p class=\"has-text-align-center has-medium-font-size\"><a href=\"mailto:jan.masek@natur.cuni.cz\">jan.masek@natur.cuni.cz<\/a><\/p>\n\n\n\n<div class=\"wp-block-uagb-icon-list uagb-block-75a9bb93 uagb-icon-list__outer-wrap uagb-icon-list__layout-horizontal uagb-icon-list__no-label\"><div class=\"uagb-icon-list__wrap\">\n<div class=\"wp-block-uagb-icon-list-child uagb-block-0cfa1212\"><a target=\"_blank\" aria-label=\"<br&gt;\" rel=\"noopener noreferrer\" href=\"https:\/\/twitter.com\/JanMasekLab\"> <\/a><span class=\"uagb-icon-list__source-wrap\"><img decoding=\"async\" class=\"uagb-icon-list__source-image\" src=\"https:\/\/web.natur.cuni.cz\/cellbiol\/DevCellBiolPhDconference\/wp-content\/uploads\/2023\/04\/twitter.png\" alt=\"\"\/><\/span><\/div>\n\n\n\n<div class=\"wp-block-uagb-icon-list-child uagb-block-775945ac uagb-icon-list-repeater uagb-icon-list__wrapper\"><a target=\"_blank\" aria-label=\"List item\" rel=\"noopener noreferrer\" href=\"https:\/\/orcid.org\/0000-0003-2904-3808\"> <\/a><span class=\"uagb-icon-list__source-wrap\"><img decoding=\"async\" class=\"uagb-icon-list__source-image\" src=\"https:\/\/web.natur.cuni.cz\/cellbiol\/DevCellBiolPhDconference\/wp-content\/uploads\/2021\/01\/1200px-ORCID_iD.svg_-2.png\" alt=\"orcid icon\"\/><\/span><\/div>\n\n\n\n<div class=\"wp-block-uagb-icon-list-child uagb-block-4e96e291\"><a target=\"_blank\" aria-label=\"<a href=&quot;https:\/\/www.researchgate.net\/&quot;&gt;ResearchGate<\/a&gt;\" rel=\"noopener noreferrer\" href=\"https:\/\/www.researchgate.net\/profile\/Jan-Masek-5\"> <\/a><span class=\"uagb-icon-list__source-wrap\"><img decoding=\"async\" class=\"uagb-icon-list__source-image\" src=\"https:\/\/web.natur.cuni.cz\/cellbiol\/DevCellBiolPhDconference\/wp-content\/uploads\/2021\/01\/researchgate_icon_130843-2.png\" alt=\"\"\/><\/span><\/div>\n\n\n\n<div class=\"wp-block-uagb-icon-list-child uagb-block-dc3860d7\"><a target=\"_blank\" aria-label=\"#Label\" rel=\"noopener noreferrer\" href=\"https:\/\/cz.linkedin.com\/in\/jan-ma%C5%A1ek-15683a12a\"> <\/a><span class=\"uagb-icon-list__source-wrap\"><img decoding=\"async\" class=\"uagb-icon-list__source-image\" src=\"https:\/\/web.natur.cuni.cz\/cellbiol\/DevCellBiolPhDconference\/wp-content\/uploads\/2021\/01\/linkedin-2.png\" alt=\"\"\/><\/span><\/div>\n\n\n\n<div class=\"wp-block-uagb-icon-list-child uagb-block-c630bc1a\"><a target=\"_blank\" aria-label=\"#Label\" rel=\"noopener noreferrer\" href=\"https:\/\/www.maseklab.org\/\"> <\/a><span class=\"uagb-icon-list__source-wrap\"><img decoding=\"async\" class=\"uagb-icon-list__source-image\" src=\"https:\/\/web.natur.cuni.cz\/cellbiol\/DevCellBiolPhDconference\/wp-content\/uploads\/2022\/08\/Logo-Image.png\" alt=\"\"\/><\/span><\/div>\n<\/div><\/div>\n<\/div>\n\n\n\n<div class=\"wp-block-column is-vertically-aligned-center is-layout-flow wp-block-column-is-layout-flow\"><div class=\"wp-block-image\">\n<figure class=\"aligncenter size-large is-resized\"><img loading=\"lazy\" decoding=\"async\" src=\"https:\/\/web.natur.cuni.cz\/cellbiol\/DevCellBiolPhDconference\/wp-content\/uploads\/2023\/04\/Eliska-Image-999x1024.png\" alt=\"\" class=\"wp-image-6030\" width=\"124\" height=\"127\" srcset=\"https:\/\/web.natur.cuni.cz\/cellbiol\/DevCellBiolPhDconference\/wp-content\/uploads\/2023\/04\/Eliska-Image-999x1024.png 999w, https:\/\/web.natur.cuni.cz\/cellbiol\/DevCellBiolPhDconference\/wp-content\/uploads\/2023\/04\/Eliska-Image-293x300.png 293w, https:\/\/web.natur.cuni.cz\/cellbiol\/DevCellBiolPhDconference\/wp-content\/uploads\/2023\/04\/Eliska-Image-768x787.png 768w, https:\/\/web.natur.cuni.cz\/cellbiol\/DevCellBiolPhDconference\/wp-content\/uploads\/2023\/04\/Eliska-Image-1499x1536.png 1499w, https:\/\/web.natur.cuni.cz\/cellbiol\/DevCellBiolPhDconference\/wp-content\/uploads\/2023\/04\/Eliska-Image.png 1616w\" sizes=\"auto, (max-width: 124px) 100vw, 124px\" \/><\/figure><\/div>\n\n\n<p class=\"has-text-align-center has-black-color has-text-color\"><strong>Ing. <\/strong>Eli\u0161ka Koutn\u00e1<\/p>\n\n\n\n<p class=\"has-text-align-center has-medium-font-size\"><a rel=\"noreferrer noopener\" href=\"mailto:eliska.koutna@natur.cuni.cz\" target=\"_blank\">eliska.koutna@natur.cuni.cz<\/a><\/p>\n\n\n\n<div class=\"wp-block-uagb-icon-list uagb-block-02f2bea8 uagb-icon-list__outer-wrap uagb-icon-list__layout-horizontal uagb-icon-list__no-label\"><div class=\"uagb-icon-list__wrap\">\n<div class=\"wp-block-uagb-icon-list-child uagb-block-09e9fad1\"><a target=\"_blank\" aria-label=\"<br&gt;\" rel=\"noopener noreferrer\" href=\"https:\/\/twitter.com\/eshusha\"> <\/a><span class=\"uagb-icon-list__source-wrap\"><img decoding=\"async\" class=\"uagb-icon-list__source-image\" src=\"https:\/\/web.natur.cuni.cz\/cellbiol\/DevCellBiolPhDconference\/wp-content\/uploads\/2023\/04\/twitter.png\" alt=\"\"\/><\/span><\/div>\n\n\n\n<div class=\"wp-block-uagb-icon-list-child uagb-block-a1d81af7 uagb-icon-list-repeater uagb-icon-list__wrapper\"><a target=\"_blank\" aria-label=\"List item\" rel=\"noopener noreferrer\" href=\"https:\/\/orcid.org\/0000-0002-2944-1112\"> <\/a><span class=\"uagb-icon-list__source-wrap\"><img decoding=\"async\" class=\"uagb-icon-list__source-image\" src=\"https:\/\/web.natur.cuni.cz\/cellbiol\/DevCellBiolPhDconference\/wp-content\/uploads\/2021\/01\/1200px-ORCID_iD.svg_-2.png\" alt=\"orcid icon\"\/><\/span><\/div>\n\n\n\n<div class=\"wp-block-uagb-icon-list-child uagb-block-a7688c11\"><a target=\"_blank\" aria-label=\"<a href=&quot;https:\/\/www.researchgate.net\/&quot;&gt;ResearchGate<\/a&gt;\" rel=\"noopener noreferrer\" href=\"https:\/\/www.researchgate.net\/profile\/Eliska-Koutna\"> <\/a><span class=\"uagb-icon-list__source-wrap\"><img decoding=\"async\" class=\"uagb-icon-list__source-image\" src=\"https:\/\/web.natur.cuni.cz\/cellbiol\/DevCellBiolPhDconference\/wp-content\/uploads\/2021\/01\/researchgate_icon_130843-2.png\" alt=\"\"\/><\/span><\/div>\n\n\n\n<div class=\"wp-block-uagb-icon-list-child uagb-block-6ee289c5\"><a target=\"_blank\" aria-label=\"#Label\" rel=\"noopener noreferrer\" href=\"https:\/\/www.linkedin.com\/in\/eskoutna\/\"> <\/a><span class=\"uagb-icon-list__source-wrap\"><img decoding=\"async\" class=\"uagb-icon-list__source-image\" src=\"https:\/\/web.natur.cuni.cz\/cellbiol\/DevCellBiolPhDconference\/wp-content\/uploads\/2021\/01\/linkedin-2.png\" alt=\"\"\/><\/span><\/div>\n<\/div><\/div>\n<\/div>\n\n\n\n<div class=\"wp-block-column is-vertically-aligned-center is-layout-flow wp-block-column-is-layout-flow\"><div class=\"wp-block-image\">\n<figure class=\"aligncenter size-large is-resized\"><img loading=\"lazy\" decoding=\"async\" src=\"https:\/\/web.natur.cuni.cz\/cellbiol\/DevCellBiolPhDconference\/wp-content\/uploads\/2022\/08\/Anna-Image-924x1024.png\" alt=\"\" class=\"wp-image-5676\" width=\"124\" height=\"127\"\/><\/figure><\/div>\n\n\n<p class=\"has-text-align-center has-black-color has-text-color\"><strong>M.Sc<\/strong>., Anna Maria Frontino<\/p>\n\n\n\n<p class=\"has-text-align-center has-medium-font-size\">frontina@natur.cuni.cz<\/p>\n\n\n\n<div class=\"wp-block-uagb-icon-list uagb-block-4cb4fa49 uagb-icon-list__outer-wrap uagb-icon-list__layout-horizontal uagb-icon-list__no-label\"><div class=\"uagb-icon-list__wrap\">\n<div class=\"wp-block-uagb-icon-list-child uagb-block-c7af154f\"><a target=\"_blank\" aria-label=\"<br&gt;\" rel=\"noopener noreferrer\" href=\"https:\/\/twitter.com\/anna_frontino94\"> <\/a><span class=\"uagb-icon-list__source-wrap\"><img decoding=\"async\" class=\"uagb-icon-list__source-image\" src=\"https:\/\/web.natur.cuni.cz\/cellbiol\/DevCellBiolPhDconference\/wp-content\/uploads\/2023\/04\/twitter.png\" alt=\"\"\/><\/span><\/div>\n\n\n\n<div class=\"wp-block-uagb-icon-list-child uagb-block-ab52a91a\"><a target=\"_blank\" aria-label=\"<a href=&quot;https:\/\/www.researchgate.net\/&quot;&gt;ResearchGate<\/a&gt;\" rel=\"noopener noreferrer\" href=\"https:\/\/www.researchgate.net\/profile\/Anna-Frontino\"> <\/a><span class=\"uagb-icon-list__source-wrap\"><img decoding=\"async\" class=\"uagb-icon-list__source-image\" src=\"https:\/\/web.natur.cuni.cz\/cellbiol\/DevCellBiolPhDconference\/wp-content\/uploads\/2021\/01\/researchgate_icon_130843-2.png\" alt=\"\"\/><\/span><\/div>\n\n\n\n<div class=\"wp-block-uagb-icon-list-child uagb-block-92484e52\"><a target=\"_blank\" aria-label=\"#Label\" rel=\"noopener noreferrer\" href=\"https:\/\/it.linkedin.com\/in\/anna-maria-frontino-bb494a198?trk=public_profile_samename_profile_profile-result-card_result-card_full-click\"> <\/a><span class=\"uagb-icon-list__source-wrap\"><img decoding=\"async\" class=\"uagb-icon-list__source-image\" src=\"https:\/\/web.natur.cuni.cz\/cellbiol\/DevCellBiolPhDconference\/wp-content\/uploads\/2021\/01\/linkedin-2.png\" alt=\"\"\/><\/span><\/div>\n\n\n\n<div class=\"wp-block-uagb-icon-list-child uagb-block-ed62a167\"><a target=\"_blank\" aria-label=\"#Label\" rel=\"noopener noreferrer\" href=\"https:\/\/www.maseklab.org\/\"> <\/a><span class=\"uagb-icon-list__source-wrap\"><img decoding=\"async\" class=\"uagb-icon-list__source-image\" src=\"https:\/\/web.natur.cuni.cz\/cellbiol\/DevCellBiolPhDconference\/wp-content\/uploads\/2022\/08\/Logo-Image.png\" alt=\"\"\/><\/span><\/div>\n<\/div><\/div>\n<\/div>\n<\/div>\n\n\n\n<hr class=\"wp-block-separator has-alpha-channel-opacity is-style-wide\"\/>\n\n\n\n<div class=\"wp-block-columns alignwide are-vertically-aligned-center is-layout-flex wp-container-core-columns-is-layout-9d6595d7 wp-block-columns-is-layout-flex\">\n<div class=\"wp-block-column is-vertically-aligned-center is-layout-flow wp-block-column-is-layout-flow\"><div class=\"wp-block-image\">\n<figure class=\"aligncenter size-large is-resized\"><img loading=\"lazy\" decoding=\"async\" src=\"https:\/\/web.natur.cuni.cz\/cellbiol\/DevCellBiolPhDconference\/wp-content\/uploads\/2022\/08\/Fabio-Image-940x1024.png\" alt=\"\" class=\"wp-image-5675\" width=\"124\" height=\"127\"\/><\/figure><\/div>\n\n\n<p class=\"has-text-align-center has-black-color has-text-color\"><strong>M.Sc.<\/strong>,<strong> <\/strong>Fabio Turetti<\/p>\n\n\n\n<p class=\"has-text-align-center has-medium-font-size\">turettif@natur.cuni.cz <\/p>\n\n\n\n<div class=\"wp-block-uagb-icon-list uagb-block-bebada01 uagb-icon-list__outer-wrap uagb-icon-list__layout-horizontal uagb-icon-list__no-label\"><div class=\"uagb-icon-list__wrap\">\n<div class=\"wp-block-uagb-icon-list-child uagb-block-ba194c2b\"><a target=\"_blank\" aria-label=\"<br&gt;\" rel=\"noopener noreferrer\" href=\"https:\/\/twitter.com\/FTuretti\"> <\/a><span class=\"uagb-icon-list__source-wrap\"><img decoding=\"async\" class=\"uagb-icon-list__source-image\" src=\"https:\/\/web.natur.cuni.cz\/cellbiol\/DevCellBiolPhDconference\/wp-content\/uploads\/2023\/04\/twitter.png\" alt=\"\"\/><\/span><\/div>\n\n\n\n<div class=\"wp-block-uagb-icon-list-child uagb-block-7735f54a uagb-icon-list-repeater uagb-icon-list__wrapper\"><a target=\"_blank\" aria-label=\"List item\" rel=\"noopener noreferrer\" href=\"https:\/\/orcid.org\/my-orcid?orcid=0000-0003-0440-5489\"> <\/a><span class=\"uagb-icon-list__source-wrap\"><img decoding=\"async\" class=\"uagb-icon-list__source-image\" src=\"https:\/\/web.natur.cuni.cz\/cellbiol\/DevCellBiolPhDconference\/wp-content\/uploads\/2021\/01\/1200px-ORCID_iD.svg_-2.png\" alt=\"orcid icon\"\/><\/span><\/div>\n\n\n\n<div class=\"wp-block-uagb-icon-list-child uagb-block-b806b2c4\"><a target=\"_blank\" aria-label=\"<a href=&quot;https:\/\/www.researchgate.net\/&quot;&gt;ResearchGate<\/a&gt;\" rel=\"noopener noreferrer\" href=\"https:\/\/www.researchgate.net\/profile\/Fabio_Turetti\"> <\/a><span class=\"uagb-icon-list__source-wrap\"><img decoding=\"async\" class=\"uagb-icon-list__source-image\" src=\"https:\/\/web.natur.cuni.cz\/cellbiol\/DevCellBiolPhDconference\/wp-content\/uploads\/2021\/01\/researchgate_icon_130843-2.png\" alt=\"\"\/><\/span><\/div>\n\n\n\n<div class=\"wp-block-uagb-icon-list-child uagb-block-0ecb4dc1\"><a target=\"_blank\" aria-label=\"#Label\" rel=\"noopener noreferrer\" href=\"https:\/\/cz.linkedin.com\/in\/fabio-turetti-19779a160\"> <\/a><span class=\"uagb-icon-list__source-wrap\"><img decoding=\"async\" class=\"uagb-icon-list__source-image\" src=\"https:\/\/web.natur.cuni.cz\/cellbiol\/DevCellBiolPhDconference\/wp-content\/uploads\/2021\/01\/linkedin-2.png\" alt=\"\"\/><\/span><\/div>\n\n\n\n<div class=\"wp-block-uagb-icon-list-child uagb-block-3cfd38a5\"><a target=\"_blank\" aria-label=\"#Label\" rel=\"noopener noreferrer\" href=\"https:\/\/www.maseklab.org\/\"> <\/a><span class=\"uagb-icon-list__source-wrap\"><img decoding=\"async\" class=\"uagb-icon-list__source-image\" src=\"https:\/\/web.natur.cuni.cz\/cellbiol\/DevCellBiolPhDconference\/wp-content\/uploads\/2022\/08\/Logo-Image.png\" alt=\"\"\/><\/span><\/div>\n<\/div><\/div>\n<\/div>\n\n\n\n<div class=\"wp-block-column is-vertically-aligned-center is-layout-flow wp-block-column-is-layout-flow\"><div class=\"wp-block-image\">\n<figure class=\"aligncenter size-large is-resized\"><img loading=\"lazy\" decoding=\"async\" src=\"https:\/\/web.natur.cuni.cz\/cellbiol\/DevCellBiolPhDconference\/wp-content\/uploads\/2022\/09\/Michaela-Image-1021x1024.png\" alt=\"\" class=\"wp-image-5801\" width=\"128\" height=\"131\"\/><\/figure><\/div>\n\n\n<p class=\"has-text-align-center has-black-color has-text-color\"><strong>M.Sc<\/strong>., Michaela Va\u0161kovi\u010dov\u00e1<\/p>\n\n\n\n<p class=\"has-text-align-center\">vaskovicova@iapg.cas.cz<\/p>\n\n\n\n<div class=\"wp-block-uagb-icon-list uagb-block-d836c211 uagb-icon-list__outer-wrap uagb-icon-list__layout-horizontal uagb-icon-list__no-label\"><div class=\"uagb-icon-list__wrap\">\n<div class=\"wp-block-uagb-icon-list-child uagb-block-43f04382\"><a target=\"_blank\" aria-label=\"<a href=&quot;https:\/\/www.researchgate.net\/&quot;&gt;ResearchGate<\/a&gt;\" rel=\"noopener noreferrer\" href=\"https:\/\/www.researchgate.net\/profile\/Michaela-Vaskovicova\"> <\/a><span class=\"uagb-icon-list__source-wrap\"><img decoding=\"async\" class=\"uagb-icon-list__source-image\" src=\"https:\/\/web.natur.cuni.cz\/cellbiol\/DevCellBiolPhDconference\/wp-content\/uploads\/2021\/01\/researchgate_icon_130843-2.png\" alt=\"\"\/><\/span><\/div>\n\n\n\n<div class=\"wp-block-uagb-icon-list-child uagb-block-c3b6a639\"><a target=\"_blank\" aria-label=\"#Label\" rel=\"noopener noreferrer\" href=\"https:\/\/www.linkedin.com\/in\/michaela-va%C5%A1kovi%C4%8Dov%C3%A1-5a1933152\/\"> <\/a><span class=\"uagb-icon-list__source-wrap\"><img decoding=\"async\" class=\"uagb-icon-list__source-image\" src=\"https:\/\/web.natur.cuni.cz\/cellbiol\/DevCellBiolPhDconference\/wp-content\/uploads\/2021\/01\/linkedin-2.png\" alt=\"\"\/><\/span><\/div>\n<\/div><\/div>\n<\/div>\n<\/div>\n\n\n\n<p><\/p>\n","protected":false},"excerpt":{"rendered":"<p>MEET OUR TEAM Jan Ma\u0161ek, PhD. jan.masek@natur.cuni.cz Ing. Eli\u0161ka Koutn\u00e1 eliska.koutna@natur.cuni.cz M.Sc., Anna Maria Frontino frontina@natur.cuni.cz M.Sc., Fabio Turetti turettif@natur.cuni.cz M.Sc., Michaela Va\u0161kovi\u010dov\u00e1 vaskovicova@iapg.cas.cz<\/p>\n","protected":false},"author":1,"featured_media":0,"parent":0,"menu_order":0,"comment_status":"closed","ping_status":"closed","template":"","meta":{"_uag_custom_page_level_css":"","footnotes":""},"class_list":["post-4936","page","type-page","status-publish","hentry"],"uagb_featured_image_src":{"full":false,"thumbnail":false,"medium":false,"medium_large":false,"large":false,"1536x1536":false,"2048x2048":false},"uagb_author_info":{"display_name":"DevCellBiolPhDconference","author_link":"https:\/\/web.natur.cuni.cz\/cellbiol\/DevCellBiolPhDconference\/author\/devcellbiolphdconference\/"},"uagb_comment_info":0,"uagb_excerpt":"MEET OUR TEAM Jan Ma\u0161ek, PhD. jan.masek@natur.cuni.cz Ing. Eli\u0161ka Koutn\u00e1 eliska.koutna@natur.cuni.cz M.Sc., Anna Maria Frontino frontina@natur.cuni.cz M.Sc., Fabio Turetti turettif@natur.cuni.cz M.Sc., Michaela Va\u0161kovi\u010dov\u00e1 vaskovicova@iapg.cas.cz","_links":{"self":[{"href":"https:\/\/web.natur.cuni.cz\/cellbiol\/DevCellBiolPhDconference\/wp-json\/wp\/v2\/pages\/4936","targetHints":{"allow":["GET"]}}],"collection":[{"href":"https:\/\/web.natur.cuni.cz\/cellbiol\/DevCellBiolPhDconference\/wp-json\/wp\/v2\/pages"}],"about":[{"href":"https:\/\/web.natur.cuni.cz\/cellbiol\/DevCellBiolPhDconference\/wp-json\/wp\/v2\/types\/page"}],"author":[{"embeddable":true,"href":"https:\/\/web.natur.cuni.cz\/cellbiol\/DevCellBiolPhDconference\/wp-json\/wp\/v2\/users\/1"}],"replies":[{"embeddable":true,"href":"https:\/\/web.natur.cuni.cz\/cellbiol\/DevCellBiolPhDconference\/wp-json\/wp\/v2\/comments?post=4936"}],"version-history":[{"count":38,"href":"https:\/\/web.natur.cuni.cz\/cellbiol\/DevCellBiolPhDconference\/wp-json\/wp\/v2\/pages\/4936\/revisions"}],"predecessor-version":[{"id":6181,"href":"https:\/\/web.natur.cuni.cz\/cellbiol\/DevCellBiolPhDconference\/wp-json\/wp\/v2\/pages\/4936\/revisions\/6181"}],"wp:attachment":[{"href":"https:\/\/web.natur.cuni.cz\/cellbiol\/DevCellBiolPhDconference\/wp-json\/wp\/v2\/media?parent=4936"}],"curies":[{"name":"wp","href":"https:\/\/api.w.org\/{rel}","templated":true}]}}