{"id":6130,"date":"2023-08-25T14:34:54","date_gmt":"2023-08-25T14:34:54","guid":{"rendered":"http:\/\/web.natur.cuni.cz\/cellbiol\/DevCellBiolPhDconference\/?page_id=6130"},"modified":"2023-10-06T07:16:00","modified_gmt":"2023-10-06T07:16:00","slug":"program-2","status":"publish","type":"page","link":"https:\/\/web.natur.cuni.cz\/cellbiol\/DevCellBiolPhDconference\/program-2\/","title":{"rendered":"Program 2023"},"content":{"rendered":"\n<blockquote class=\"wp-block-quote is-layout-flow wp-block-quote-is-layout-flow\" style=\"font-size:22px\">\n<p class=\"has-text-align-center\"><strong>The length of the talks will be<\/strong> : <strong>15<\/strong> minutes presentation + <strong>5<\/strong> minutes discussion<\/p>\n\n\n\n<p class=\"has-text-align-center\">The recommended format for posters is <strong>A1<\/strong>, portrait orientation.<\/p>\n<\/blockquote>\n\n\n<div class=\"wp-block-image\">\n<figure class=\"aligncenter size-large is-resized\"><img loading=\"lazy\" decoding=\"async\" src=\"https:\/\/web.natur.cuni.cz\/cellbiol\/DevCellBiolPhDconference\/wp-content\/uploads\/2023\/09\/conference-poster_landscape_rgb-2-1024x578.png\" alt=\"\" class=\"wp-image-6204\" width=\"700\" height=\"395\" srcset=\"https:\/\/web.natur.cuni.cz\/cellbiol\/DevCellBiolPhDconference\/wp-content\/uploads\/2023\/09\/conference-poster_landscape_rgb-2-1024x578.png 1024w, https:\/\/web.natur.cuni.cz\/cellbiol\/DevCellBiolPhDconference\/wp-content\/uploads\/2023\/09\/conference-poster_landscape_rgb-2-300x169.png 300w, https:\/\/web.natur.cuni.cz\/cellbiol\/DevCellBiolPhDconference\/wp-content\/uploads\/2023\/09\/conference-poster_landscape_rgb-2-768x434.png 768w, https:\/\/web.natur.cuni.cz\/cellbiol\/DevCellBiolPhDconference\/wp-content\/uploads\/2023\/09\/conference-poster_landscape_rgb-2-1536x867.png 1536w, https:\/\/web.natur.cuni.cz\/cellbiol\/DevCellBiolPhDconference\/wp-content\/uploads\/2023\/09\/conference-poster_landscape_rgb-2-2048x1157.png 2048w\" sizes=\"auto, (max-width: 700px) 100vw, 700px\" \/><\/figure><\/div>\n\n\n<h2 class=\"wp-block-heading\"><strong>Monday 09.10.2023<\/strong><\/h2>\n\n\n\n<p><strong>09:00 \u2013 09:45<\/strong> Registration of participants (poster setup &#8211; throughout the day)<\/p>\n\n\n\n<p><strong>09:45 \u2013 10:00<\/strong> Opening and welcome<\/p>\n\n\n\n<p class=\"has-text-align-center\"><strong>SESSION 1 \u2013 Gene expression and regulation<\/strong><\/p>\n\n\n\n<p><strong>10:00 \u2013 10:20<\/strong> Fusek Karel&nbsp;<\/p>\n\n\n\n<p>Aspects of hybrid sterility: Mismatch repair as a universal checkpoint in chromosome repair<\/p>\n\n\n\n<p><strong>10:20 \u2013 10:40<\/strong> Thakur Prasoon Kumar<\/p>\n\n\n\n<p>Comprehensive RNA-splicing analysis of marine diplonemids using comparative genomics approach<\/p>\n\n\n\n<p><strong>10:40 \u2013 11:00<\/strong> Chramostov\u00e1 Kamila<\/p>\n\n\n\n<p>Novel mechanisms of regulation of gene expression in hematopoiesis<\/p>\n\n\n\n<p><strong>11:00 \u2013 11:20<\/strong> Zimmann Felix<\/p>\n\n\n\n<p>Retinitis pigmentosa-linked mutations alter the RNA binding capabilities of splicing factors<\/p>\n\n\n\n<p class=\"has-text-align-center\">COFFEE BREAK <strong>11:20 \u2013 11:40<\/strong><\/p>\n\n\n\n<div style=\"height:40px\" aria-hidden=\"true\" class=\"wp-block-spacer\"><\/div>\n\n\n\n<p class=\"has-text-align-center\"><strong>KEYNOTE LECTURE I.<\/strong><\/p>\n\n\n\n<p><strong>11:40 \u2013 12:30<\/strong> <strong>Emmanuel Derivery, Ph.D<\/strong>.<\/p>\n\n\n\n<p class=\"has-text-align-center\">LUNCH <strong>12:30 \u2013 14:00<\/strong><\/p>\n\n\n\n<div style=\"height:40px\" aria-hidden=\"true\" class=\"wp-block-spacer\"><\/div>\n\n\n\n<p class=\"has-text-align-center\"><strong>SESSION 2 \u2013 Cell biology and therapeutic research<\/strong><\/p>\n\n\n\n<p><strong>14:00 \u2013 14:20<\/strong> Humhalov\u00e1 Tereza<\/p>\n\n\n\n<p>Endosomal WASH complex \u2013 membrane recruitment and function<\/p>\n\n\n\n<p><strong>14:20 \u2013 14:40<\/strong> Zemlianski Viacheslav<\/p>\n\n\n\n<p>Factors of mitotic fidelity in fission yeast.<\/p>\n\n\n\n<p><strong>14:40 \u2013 15:00<\/strong> Ma\u0161\u00ednov\u00e1 Eva<\/p>\n\n\n\n<p>Molecular control of fitness and cytotoxicity of NK cells used in immunotherapies<\/p>\n\n\n\n<p><strong>15:00 \u2013 15:20<\/strong> Abuhajiar Salim<\/p>\n\n\n\n<p>Characterization of growth and spontaneous regression of melanoma<\/p>\n\n\n\n<p><strong>15:20 \u2013 15:40 <\/strong>\u017daloudkov\u00e1 Boh\u00e1\u010dov\u00e1 \u0160\u00e1rka<\/p>\n\n\n\n<p>The proteomic landscape underlying cellular and organismal roles of the intramembrane rhomboid protease RHBDL4<\/p>\n\n\n\n<p class=\"has-text-align-center\">COFFEE BREAK <strong>15:40 \u2013 16:00<\/strong><\/p>\n\n\n\n<div style=\"height:40px\" aria-hidden=\"true\" class=\"wp-block-spacer\"><\/div>\n\n\n\n<p class=\"has-text-align-center\"><strong>SESSION 3 \u2013 Neuronal development and diseases<\/strong><\/p>\n\n\n\n<p><strong>16:00 \u2013 16:20<\/strong> Weissov\u00e1 Romana<\/p>\n\n\n\n<p>CRMP2A protein and its role in neural development<\/p>\n\n\n\n<p><strong>16:20 \u2013 16:40 <\/strong>Kamenn\u00e1 Eva<\/p>\n\n\n\n<p>Alternative approach to Huntington&#8217;s disease therapy<\/p>\n\n\n\n<p><strong>16:40 \u2013 17:00<\/strong> \u010cervenka Jakub<\/p>\n\n\n\n<p>Proteomics in research of neurodegenerative diseases<\/p>\n\n\n\n<p><strong>17:00 \u2013 17:20<\/strong> Prakash Manjari<\/p>\n\n\n\n<p>Regulatory mechanisms of mitochondrial transport in axons<\/p>\n\n\n\n<p class=\"has-text-align-center\"><strong>POSTER SESSION 17:30\u2013 19:00<\/strong><\/p>\n\n\n\n<div style=\"height:40px\" aria-hidden=\"true\" class=\"wp-block-spacer\"><\/div>\n\n\n\n<p class=\"has-text-align-center\">DINNER + NETWORKING <strong>19:00 \u2013 22:00<\/strong><\/p>\n\n\n\n<h2 class=\"wp-block-heading\"><strong>Tuesday 10.10.2023<\/strong><\/h2>\n\n\n\n<p class=\"has-text-align-center\"><strong>08:00 \u2013 09:00<\/strong> Check-out + Breakfast<\/p>\n\n\n\n<div style=\"height:40px\" aria-hidden=\"true\" class=\"wp-block-spacer\"><\/div>\n\n\n\n<p class=\"has-text-align-center\"><strong>SESSION 4 \u2013 Organ development<\/strong><\/p>\n\n\n\n<p><strong>09:00 \u2013 09:20<\/strong> Brymov\u00e1 Anna<\/p>\n\n\n\n<p>Cellular replacement therapy for age-related macular degeneration<\/p>\n\n\n\n<p><strong>09:20 \u2013 09:40<\/strong> Stekl\u00edkov\u00e1 Kl\u00e1ra<\/p>\n\n\n\n<p>Tooth development and its molecular mechanism in mice<\/p>\n\n\n\n<p><strong>09:40 \u2013 10:00<\/strong> Kvasilov\u00e1 Alena<\/p>\n\n\n\n<p>Development of the cardiac conduction system in avians<\/p>\n\n\n\n<p class=\"has-text-align-center\">COFFEE BREAK <strong>10:00 \u2013 10:20<\/strong><\/p>\n\n\n\n<div style=\"height:40px\" aria-hidden=\"true\" class=\"wp-block-spacer\"><\/div>\n\n\n\n<p class=\"has-text-align-center\"><strong>KEYNOTE LECTURE II.<\/strong><\/p>\n\n\n\n<p><strong>10:20 \u2013 11:10 Giovanna Collu, Ph.D<\/strong>.<\/p>\n\n\n\n<p class=\"has-text-align-center\">COFFEE BREAK <strong>11:10 \u2013 11:30<\/strong><\/p>\n\n\n\n<div style=\"height:40px\" aria-hidden=\"true\" class=\"wp-block-spacer\"><\/div>\n\n\n\n<p class=\"has-text-align-center\"><strong>SESSION 5 \u2013 <\/strong><strong>Biomedical research and drug discovery<\/strong><\/p>\n\n\n\n<p><strong>11:30 \u2013 12:00<\/strong> Uvizl Alena &amp; Kalasova Ilona -DIANA BIOTECH<\/p>\n\n\n\n<p>Career path beyond academia <\/p>\n\n\n\n<p><strong>12:00 \u2013 12:20<\/strong> Marcal\u00edkov\u00e1 Ad\u00e9la<\/p>\n\n\n\n<p>A high-throughput assay for screening of virulence factor inhibitors of Porphyromonas gingivalis<\/p>\n\n\n\n<p><strong>12:20 \u2013 12:40<\/strong> K\u0159t\u011bnov\u00e1 Petra<\/p>\n\n\n\n<p>Selective cancer targeting and bacterial inactivation utilizing controlled production of singlet oxygen<\/p>\n\n\n\n<p>LUNCH <strong>12:40 \u2013 13:30<\/strong><\/p>\n\n\n\n<p><strong>General discussion Ph.D. program<\/strong><strong> <\/strong><strong>13:30 \u2013 14:10<\/strong><\/p>\n\n\n\n<p class=\"has-text-align-center\">COFFEE BREAK 14:10 \u2013 14:30<\/p>\n\n\n\n<div style=\"height:40px\" aria-hidden=\"true\" class=\"wp-block-spacer\"><\/div>\n\n\n\n<p class=\"has-text-align-center\"><strong>SESSION 6 \u2013 <\/strong><strong>Development and differentiation<\/strong><\/p>\n\n\n\n<p><strong>14:30 \u2013 14:50<\/strong> Ivashchenko Olha<\/p>\n\n\n\n<p>The role of primary cilia in the bone marrow strom<\/p>\n\n\n\n<p><strong>14:50 \u2013 15:10<\/strong> Zhao Qing<\/p>\n\n\n\n<p>Juvenile<em> X. tropicalis<\/em> Sertoli Cells show potential to promote tadpole muscle regeneration<\/p>\n\n\n\n<p><strong>15:10 \u2013 15:30<\/strong> Nourisanami Farahdokht<\/p>\n\n\n\n<p>Modulation of semaphorin-plexin signaling by proteoglycan<\/p>\n\n\n\n<p><strong>15:30 \u2013 15:50<\/strong> Turkov\u00e1 Tereza<\/p>\n\n\n\n<p>Differential requirements for Smarca5 expression during hematopoietic stem cell commitment.<\/p>\n\n\n\n<p class=\"has-text-align-center\">CLOSING REMARKS <strong>15:50 \u2013 16:00<\/strong><\/p>\n\n\n\n<p class=\"has-text-align-center\">DEPARTURE OR SIGHTSEEING <strong>16:00<\/strong><\/p>\n","protected":false},"excerpt":{"rendered":"<p>The length of the talks will be : 15 minutes presentation + 5 minutes discussion The recommended format for posters is A1, portrait orientation. Monday 09.10.2023 09:00 \u2013 09:45 Registration of participants (poster setup &#8211; throughout the day) 09:45 \u2013 10:00 Opening and welcome SESSION 1 \u2013 Gene expression and regulation 10:00 \u2013 10:20 Fusek [&hellip;]<\/p>\n","protected":false},"author":2,"featured_media":0,"parent":0,"menu_order":0,"comment_status":"closed","ping_status":"closed","template":"","meta":{"_uag_custom_page_level_css":"","footnotes":""},"class_list":["post-6130","page","type-page","status-publish","hentry"],"uagb_featured_image_src":{"full":false,"thumbnail":false,"medium":false,"medium_large":false,"large":false,"1536x1536":false,"2048x2048":false},"uagb_author_info":{"display_name":"fabtur","author_link":"https:\/\/web.natur.cuni.cz\/cellbiol\/DevCellBiolPhDconference\/author\/fabtur\/"},"uagb_comment_info":0,"uagb_excerpt":"The length of the talks will be : 15 minutes presentation + 5 minutes discussion The recommended format for posters is A1, portrait orientation. Monday 09.10.2023 09:00 \u2013 09:45 Registration of participants (poster setup &#8211; throughout the day) 09:45 \u2013 10:00 Opening and welcome SESSION 1 \u2013 Gene expression and regulation 10:00 \u2013 10:20 Fusek&hellip;","_links":{"self":[{"href":"https:\/\/web.natur.cuni.cz\/cellbiol\/DevCellBiolPhDconference\/wp-json\/wp\/v2\/pages\/6130","targetHints":{"allow":["GET"]}}],"collection":[{"href":"https:\/\/web.natur.cuni.cz\/cellbiol\/DevCellBiolPhDconference\/wp-json\/wp\/v2\/pages"}],"about":[{"href":"https:\/\/web.natur.cuni.cz\/cellbiol\/DevCellBiolPhDconference\/wp-json\/wp\/v2\/types\/page"}],"author":[{"embeddable":true,"href":"https:\/\/web.natur.cuni.cz\/cellbiol\/DevCellBiolPhDconference\/wp-json\/wp\/v2\/users\/2"}],"replies":[{"embeddable":true,"href":"https:\/\/web.natur.cuni.cz\/cellbiol\/DevCellBiolPhDconference\/wp-json\/wp\/v2\/comments?post=6130"}],"version-history":[{"count":36,"href":"https:\/\/web.natur.cuni.cz\/cellbiol\/DevCellBiolPhDconference\/wp-json\/wp\/v2\/pages\/6130\/revisions"}],"predecessor-version":[{"id":6218,"href":"https:\/\/web.natur.cuni.cz\/cellbiol\/DevCellBiolPhDconference\/wp-json\/wp\/v2\/pages\/6130\/revisions\/6218"}],"wp:attachment":[{"href":"https:\/\/web.natur.cuni.cz\/cellbiol\/DevCellBiolPhDconference\/wp-json\/wp\/v2\/media?parent=6130"}],"curies":[{"name":"wp","href":"https:\/\/api.w.org\/{rel}","templated":true}]}}