{"id":5002,"date":"2021-01-20T12:17:39","date_gmt":"2021-01-20T11:17:39","guid":{"rendered":"https:\/\/ukazky.euweb.cz\/?page_id=5002"},"modified":"2025-11-02T19:59:16","modified_gmt":"2025-11-02T19:59:16","slug":"contacts","status":"publish","type":"page","link":"https:\/\/web.natur.cuni.cz\/cellbiol\/dobeslab\/contacts\/","title":{"rendered":"Contact us"},"content":{"rendered":"\n<div style=\"height:40px\" aria-hidden=\"true\" class=\"wp-block-spacer\"><\/div>\n\n\n\n<div class=\"wp-block-columns is-layout-flex wp-container-core-columns-is-layout-9d6595d7 wp-block-columns-is-layout-flex\">\n<div class=\"wp-block-column is-layout-flow wp-block-column-is-layout-flow\">\n<h4 class=\"wp-block-heading has-text-align-center\">Address<\/h4>\n\n\n\n<p class=\"has-text-align-center\">Laboratory of Microbial Immunology<br><a href=\"https:\/\/natur.cuni.cz\/en\/biology\/departments-and-work-places\/department-of-cell-biology\">Department of Cell Biology<\/a><br><a href=\"https:\/\/www.natur.cuni.cz\/eng?set_language=en\" target=\"_blank\" rel=\"noreferrer noopener\">Faculty of Science<\/a><br><a href=\"https:\/\/www.cuni.cz\/UKEN-1.html\" target=\"_blank\" rel=\"noreferrer noopener\">Charles University<\/a><\/p>\n\n\n\n<p class=\"has-text-align-center\">and<\/p>\n\n\n\n<p class=\"has-text-align-center\"><a href=\"https:\/\/www.uochb.cz\/en\/joint-laboratories\">Cell Biology Unit<\/a><\/p>\n\n\n\n<p class=\"has-text-align-center\"><a href=\"https:\/\/www.uochb.cz\/en\">Institute of Organic Chemistry and Biochemistry of the CAS<\/a><\/p>\n\n\n\n<p class=\"has-text-align-center\"><br><br>Vini\u010dn\u00e1 7<br>CZ 128 44 Praha 2<br>Czechia<\/p>\n<\/div>\n\n\n\n<div class=\"wp-block-column is-layout-flow wp-block-column-is-layout-flow\">\n<h4 class=\"wp-block-heading has-text-align-center\">Directions<\/h4>\n\n\n\n<p>We are located within walking distance from the I. P. Pavlova (line C) or Karlovo n\u00e1m\u011bst\u00ed (line B) subway stations. You can find us on the ground and first floor of the Vini\u010dn\u00e1 7 building. Offices: doors P54 and 143, laboratory: 142.<\/p>\n<\/div>\n<\/div>\n\n\n\n<div class=\"wp-block-group\"><div class=\"wp-block-group__inner-container is-layout-flow wp-block-group-is-layout-flow\">\n<hr class=\"wp-block-separator has-css-opacity\"\/>\n\n\n\n<div class=\"wp-block-uagb-icon-list uagb-block-1c270f54 uagb-icon-list__outer-wrap uagb-icon-list__layout-vertical\"><div class=\"uagb-icon-list__wrap\">\n<div class=\"wp-block-uagb-icon-list-child uagb-block-71e70f16 uagb-icon-list-repeater uagb-icon-list__wrapper\"><span class=\"uagb-icon-list__source-wrap\"><img decoding=\"async\" class=\"uagb-icon-list__source-image\" src=\"http:\/\/web.natur.cuni.cz\/cellbiol\/dobeslab\/wp-content\/uploads\/2021\/01\/email-1-2.png\" width=\"30\" height=\"21\" loading=\"lazy\" alt=\"\"\/><\/span><span class=\"uagb-icon-list__label\">jan.dobes@natur.cuni.cz or jan.dobes@uochb.cas.cz<\/span><\/div>\n\n\n\n<div class=\"wp-block-uagb-icon-list-child uagb-block-90ded01e uagb-icon-list-repeater uagb-icon-list__wrapper\"><span class=\"uagb-icon-list__source-wrap\"><svg xmlns=\"https:\/\/www.w3.org\/2000\/svg\" viewBox=\"0 0 384 512\"><path d=\"M304 0h-224c-35.35 0-64 28.65-64 64v384c0 35.35 28.65 64 64 64h224c35.35 0 64-28.65 64-64V64C368 28.65 339.3 0 304 0zM192 480c-17.75 0-32-14.25-32-32s14.25-32 32-32s32 14.25 32 32S209.8 480 192 480zM304 64v320h-224V64H304z\"><\/path><\/svg><\/span><span class=\"uagb-icon-list__label\">+420 221 951 770<\/span><\/div>\n<\/div><\/div>\n<\/div><\/div>\n\n\n\n<p><\/p>\n","protected":false},"excerpt":{"rendered":"<p>Address Laboratory of Microbial ImmunologyDepartment of Cell BiologyFaculty of ScienceCharles University and Cell Biology Unit Institute of Organic Chemistry and Biochemistry of the CAS Vini\u010dn\u00e1 7CZ 128 44 Praha 2Czechia Directions We are located within walking distance from the I. P. Pavlova (line C) or Karlovo n\u00e1m\u011bst\u00ed (line B) subway stations. You can find us [&hellip;]<\/p>\n","protected":false},"author":1,"featured_media":0,"parent":0,"menu_order":0,"comment_status":"closed","ping_status":"closed","template":"","meta":{"_uag_custom_page_level_css":"","footnotes":""},"class_list":["post-5002","page","type-page","status-publish","hentry"],"uagb_featured_image_src":{"full":false,"thumbnail":false,"medium":false,"medium_large":false,"large":false,"1536x1536":false,"2048x2048":false},"uagb_author_info":{"display_name":"admin","author_link":"https:\/\/web.natur.cuni.cz\/cellbiol\/dobeslab\/author\/admin\/"},"uagb_comment_info":0,"uagb_excerpt":"Address Laboratory of Microbial ImmunologyDepartment of Cell BiologyFaculty of ScienceCharles University and Cell Biology Unit Institute of Organic Chemistry and Biochemistry of the CAS Vini\u010dn\u00e1 7CZ 128 44 Praha 2Czechia Directions We are located within walking distance from the I. P. Pavlova (line C) or Karlovo n\u00e1m\u011bst\u00ed (line B) subway stations. You can find us&hellip;","_links":{"self":[{"href":"https:\/\/web.natur.cuni.cz\/cellbiol\/dobeslab\/wp-json\/wp\/v2\/pages\/5002","targetHints":{"allow":["GET"]}}],"collection":[{"href":"https:\/\/web.natur.cuni.cz\/cellbiol\/dobeslab\/wp-json\/wp\/v2\/pages"}],"about":[{"href":"https:\/\/web.natur.cuni.cz\/cellbiol\/dobeslab\/wp-json\/wp\/v2\/types\/page"}],"author":[{"embeddable":true,"href":"https:\/\/web.natur.cuni.cz\/cellbiol\/dobeslab\/wp-json\/wp\/v2\/users\/1"}],"replies":[{"embeddable":true,"href":"https:\/\/web.natur.cuni.cz\/cellbiol\/dobeslab\/wp-json\/wp\/v2\/comments?post=5002"}],"version-history":[{"count":9,"href":"https:\/\/web.natur.cuni.cz\/cellbiol\/dobeslab\/wp-json\/wp\/v2\/pages\/5002\/revisions"}],"predecessor-version":[{"id":6349,"href":"https:\/\/web.natur.cuni.cz\/cellbiol\/dobeslab\/wp-json\/wp\/v2\/pages\/5002\/revisions\/6349"}],"wp:attachment":[{"href":"https:\/\/web.natur.cuni.cz\/cellbiol\/dobeslab\/wp-json\/wp\/v2\/media?parent=5002"}],"curies":[{"name":"wp","href":"https:\/\/api.w.org\/{rel}","templated":true}]}}