{"id":5421,"date":"2023-02-07T16:06:01","date_gmt":"2023-02-07T15:06:01","guid":{"rendered":"https:\/\/web.natur.cuni.cz\/cvmr\/?page_id=5421"},"modified":"2023-11-04T20:29:59","modified_gmt":"2023-11-04T19:29:59","slug":"projekty","status":"publish","type":"page","link":"https:\/\/web.natur.cuni.cz\/cvmr\/projekty\/","title":{"rendered":"Projekty"},"content":{"rendered":"\n<p style=\"font-size:18px\"><strong>Projekty v\u00fdzkumu realizovan\u00e9 v&nbsp;r\u00e1mci Centra pro v\u00fdzkum m\u011bsta a region\u016f<\/strong><\/p>\n\n\n\n<p style=\"font-size:18px\">V\u00fdsledky v&nbsp;oblasti v\u00fdzkumu m\u011bst a region\u016f byly dosa\u017eeny v&nbsp;r\u00e1mci projekt\u016f z\u00e1kladn\u00edho v\u00fdzkumu (podpo\u0159en\u00e9ho Grantovou agenturou \u010cR, M\u0160MT \u010cR), aplikovan\u00e9ho v\u00fdzkumu (podpo\u0159en\u00e9ho Technologickou agenturou \u010cR, MMR \u010cR, ESPON, Visegrad+ Grants Programme, Interreg Central Europe), smluvn\u00edho v\u00fdzkumu (pro ministerstva a samospr\u00e1vy m\u011bst a m\u011bstsk\u00fdch \u010d\u00e1st\u00ed) a v\u00fdzkumu \u0159e\u0161en\u00e9ho v&nbsp;r\u00e1mci doktorsk\u00fdch dizertac\u00ed a podpo\u0159en\u00e9ho Grantovou agenturou UK.<\/p>\n\n\n\n<p style=\"font-size:18px\"><strong>Projekty z\u00e1kladn\u00edho a aplikovan\u00e9ho v\u00fdzkumu<\/strong><\/p>\n\n\n\n<ul class=\"wp-block-list\" style=\"font-size:18px\">\n<li>04\/2023-03\/2026 &#8211; MECOG-CE: Strengthening metropolitan cooperation and governance in central Europe, Interreg Central Europe (CE0100032)<\/li>\n\n\n\n<li>01\/2023-12\/2025 &#8211; Prostorov\u00e1 a \u010dasov\u00e1 dynamika soci\u00e1ln\u00edho vylou\u010den\u00ed a segregace (GA\u010cR, 23-08311S)<\/li>\n\n\n\n<li>01\/2019-12\/2022 &#8211; V\u00fdvojov\u00e1 dynamika segregace a soci\u00e1ln\u00edho vylou\u010den\u00ed v \u00fazem\u00ed (TA\u010cR, TL02000479)<\/li>\n\n\n\n<li>09\/2020-06\/2022 \u2013 ESPON METRO \u2013 The role and future perspectives of Cohesion Policy in the planning of Metropolitan Areas and Cities<\/li>\n\n\n\n<li>01\/2019-08\/2020 &#8211; Urban Lab Network in V4+ &#8211; the innovative tool for smart cities, Visegrad+ Grants Programme<\/li>\n\n\n\n<li>01\/2014-12\/2015 &#8211; Prevence segregace a podpora soci\u00e1ln\u00ed integrace zahrani\u010dn\u00edch zam\u011bstnanc\u016f firem zpracovatelsk\u00e9ho pr\u016fmyslu v m\u00edstech jejich pracovi\u0161\u0165 a bydli\u0161\u0165 (TA\u010cR, TD020368)&nbsp;<\/li>\n\n\n\n<li>01\/2013-12\/2015 &#8211; Transformace s\u00eddeln\u00edho a region\u00e1ln\u00edho syst\u00e9mu \u010ceska: od hierarchick\u00e9 organizace k polycentrick\u00e9mu os\u00eddlen\u00ed (Grantov\u00e1 agentura \u010cR, P404-13-31351S)&nbsp;<\/li>\n\n\n\n<li>02\/2012-01\/2015 &#8211; ESPON TOWN: Small and Medium Sized Towns in their Functional Territorial Context (Program EU ESPON, No. 112_PR1_23_0450)<\/li>\n\n\n\n<li>01\/2012-12\/2013 &#8211; Nov\u00e9 soci\u00e1ln\u011b-prostorov\u00e9 formace: segregace v kontextu postkomunistick\u00fdch transformac\u00ed a globalizace (Grantov\u00e1 agentura \u010cR, P404-12-0648)<\/li>\n\n\n\n<li>09\/2010-08\/2012 \u2013 ESPON POLYCE: Metropolisation and Polycentric Development in Central Europe (Program EU ESPON, 2010\u20132012, No. 112_PR2_12_0258)<\/li>\n\n\n\n<li>04\/2007-12\/2011 \u2013 SOFARR: Soci\u00e1ln\u00ed kapit\u00e1l jako faktor ovliv\u0148uj\u00edc\u00ed region\u00e1ln\u00ed disparity a region\u00e1ln\u00ed rozvoj (Ve\u0159ejn\u00e1 sout\u011b\u017e Ministerstva pro m\u00edstn\u00ed rozvoj ve v\u00fdzkumu a v\u00fdvoji 2006, program WD \u201eV\u00fdzkum pro \u0159e\u0161en\u00ed region\u00e1ln\u00edch disparit\u201c, WD-13-07-1), vedouc\u00ed v\u011bdeck\u00e9ho t\u00fdmu na UK P\u0159F<\/li>\n\n\n\n<li>01\/2005-12\/2011 \u2013 Geografick\u00e9 syst\u00e9my a rizikov\u00e9 procesy v kontextu glob\u00e1ln\u00edch zm\u011bn a evropsk\u00e9 integrace (V\u00fdzkumn\u00fd z\u00e1m\u011br M\u0160MT, MSM0021620831)<\/li>\n\n\n\n<li>09\/2005-12\/2006 \u2013 Segregace v&nbsp;\u010cesk\u00e9 republice: stav a v\u00fdvoj, p\u0159\u00ed\u010diny a d\u016fsledky, prevence a n\u00e1prava (Ve\u0159ejn\u00e1 sout\u011b\u017e Ministerstva pro m\u00edstn\u00ed rozvoj ve v\u00fdzkumu a v\u00fdvoji 2005, WA-014-05-Z01)<\/li>\n<\/ul>\n\n\n\n<p style=\"font-size:18px\"><strong>Projekty z\u00e1kladn\u00edho v\u00fdzkumu podpo\u0159en\u00e9ho Grantovou agenturou Univerzity Karlovy<\/strong><\/p>\n\n\n\n<ul class=\"wp-block-list\" style=\"font-size:18px\">\n<li>2023-2025 &#8211; Znev\u00fdhodn\u011bn\u00ed a soci\u00e1ln\u00ed vylou\u010den\u00ed v \u010desk\u00fdch m\u011bstech &#8211; vliv efektu sousedstv\u00ed? (Adam Martinek) (GAUK, \u010d.\u00a0250323)<\/li>\n\n\n\n<li>2023-2024 &#8211; Vn\u00edm\u00e1n\u00ed reziden\u010dn\u00ed segregace lok\u00e1ln\u00edmi akt\u00e9ry v \u00fazem\u00ed a jeho vliv na tvorbu a realizaci m\u00edstn\u00edch politik bydlen\u00ed (Marek Hojs\u00edk) (GAUK, \u010d.\u00a0230323)<\/li>\n\n\n\n<li>2019-2021 &#8211; Migra\u010dn\u00ed trajektorie dosp\u00edvaj\u00edc\u00ed generace v pra\u017esk\u00e9m z\u00e1zem\u00ed (Otakar Bursa) (GAUK, \u010d.&nbsp;814119)<\/li>\n\n\n\n<li>2018-2020 &#8211; V\u00edce\u00farov\u0148ov\u00e1 separace rusk\u00fdch imigrant\u016f v postsocialistick\u00e9m m\u011bst\u011b (Ekaterina Ignatyeva) (GAUK, \u010d. 192418)<\/li>\n\n\n\n<li>2014-2015 &#8211; Dvojit\u00e1 marginalizace. P\u0159edpoklady soci\u00e1ln\u00edho vylou\u010den\u00ed a mo\u017enosti za\u010dle\u0148ov\u00e1n\u00ed Rom\u016f na \u010desk\u00e9m venkov\u011b. (Jakob Hurrle) (GAUK, \u010d. 1576214)<\/li>\n\n\n\n<li>2013-2014 &#8211; Zahrani\u010dn\u00ed migrace a prom\u011bny soci\u00e1ln\u011b prostorov\u00fdch struktur m\u011bst (Kl\u00e1ra Fiedlerov\u00e1) (GAUK, \u010d. 1216313)<\/li>\n\n\n\n<li>2013-2014 &#8211; Koho regener\u00e1cia n\u00e1bre\u017eia? (Branislav Machala) (GAUK, \u010d. 852513)<\/li>\n\n\n\n<li>2012-2015 &#8211; \u010casoprostorov\u00e9 struktury s\u00edt\u00ed ud\u00e1lost\u00ed: Dynamick\u00e9 prol\u00edn\u00e1n\u00ed kyberprostoru a soci\u00e1ln\u011b-geografick\u00e9ho prostoru (Petr Ku\u010dera) (GAUK, \u010d. 654812)<\/li>\n\n\n\n<li>2011-2012 &#8211; \u017divot za branou: p\u0159\u00ed\u010diny vzniku a d\u016fsledky gated communities v&nbsp;\u010cesku (Tom\u00e1\u0161 Brabec) (GAUK, \u010d. 284511)<\/li>\n\n\n\n<li>2009-2011 &#8211; Vliv bytov\u00e9 politiky na soci\u00e1ln\u00ed a environment\u00e1ln\u00ed spravedlnost (Roman Matou\u0161ek) (GAUK, \u010d. 3609)<\/li>\n<\/ul>\n\n\n\n<p style=\"font-size:18px\"><strong>Smluvn\u00ed v\u00fdzkum<\/strong><\/p>\n\n\n\n<ul class=\"wp-block-list\" style=\"font-size:18px\">\n<li>2023-2024 \u2013 MMR \u010cR &#8211; Hodnocen\u00ed region\u00e1ln\u00edho rozlo\u017een\u00ed investic do vzd\u011bl\u00e1vac\u00ed infrastruktury financovan\u00e9 z IROP 2014-2020<\/li>\n\n\n\n<li>2022 &#8211; M\u011bsto P\u00edsek &#8211; Anal\u00fdza struktury a rozm\u00edst\u011bn\u00ed cizinc\u016f v&nbsp;P\u00edsku 2022 (\u0159e\u0161eno v&nbsp;r\u00e1mci programu MV \u010cR Projekty obc\u00ed na podporu integrace cizinc\u016f na lok\u00e1ln\u00ed \u00farovni)<\/li>\n\n\n\n<li>2021 &#8211; M\u011bstsk\u00e1 \u010d\u00e1st Praha 3 \u2013 \u00da\u0159ad M\u010c, Anal\u00fdza stavu cizinc\u016f na \u00fazem\u00ed M\u010c Praha 3 (\u0159e\u0161eno v&nbsp;r\u00e1mci programu MV \u010cR Projekty obc\u00ed na podporu integrace cizinc\u016f na lok\u00e1ln\u00ed \u00farovni)<\/li>\n\n\n\n<li>2020 &#8211; M\u011bstsk\u00e1 \u010d\u00e1st Praha 7 \u2013 \u00da\u0159ad M\u010c, Cizinci na \u00fazem\u00ed M\u010c Praha 7 \u2013 anal\u00fdza stavu (\u0159e\u0161eno v&nbsp;r\u00e1mci programu MV \u010cR Projekty obc\u00ed na podporu integrace cizinc\u016f na lok\u00e1ln\u00ed \u00farovni)<\/li>\n\n\n\n<li>2020 &#8211; M\u011bstsk\u00e1 \u010d\u00e1st Praha 11 \u2013 \u00da\u0159ad M\u010c, Anal\u00fdza pot\u0159eb cizinc\u016f na \u00fazem\u00ed M\u010c Praha 11 (\u0159e\u0161eno v&nbsp;r\u00e1mci programu MV \u010cR Projekty obc\u00ed na podporu integrace cizinc\u016f na lok\u00e1ln\u00ed \u00farovni)<\/li>\n\n\n\n<li>2018 &#8211; Magistr\u00e1t m\u011bsta Brno, \u201eAnal\u00fdza prostorov\u00e9 segregace na z\u00e1klad\u011b certifikovan\u00e9 metodiky MPSV\u201c (\u0159e\u0161eno v&nbsp;r\u00e1mci projektu \u201ePilotn\u00ed testov\u00e1n\u00ed koncepce soci\u00e1ln\u00edho bydlen\u00ed v&nbsp;Brn\u011b\u201c registra\u010dn\u00ed \u010d\u00edslo projektu CZ.03.2.63\/0.0\/0.0\/16_128\/0006188)<\/li>\n\n\n\n<li>2018 &#8211; M\u011bstsk\u00e1 \u010d\u00e1st Praha 5 \u2013 \u00da\u0159ad m\u011bstsk\u00e9 \u010d\u00e1sti, Anal\u00fdza cizinc\u016f na \u00fazem\u00ed M\u010c Praha 5 (\u0159e\u0161eno v&nbsp;r\u00e1mci programu MV \u010cR Projekty obc\u00ed na podporu integrace cizinc\u016f na lok\u00e1ln\u00ed \u00farovni)<\/li>\n\n\n\n<li>2017\/2018 \u2013 MPSV \u010cR, Pilotn\u00ed ov\u011b\u0159en\u00ed Metodiky identifikace lokalit reziden\u010dn\u00ed segregace v&nbsp;obc\u00edch \u010cR (\u0159e\u0161eno v&nbsp;r\u00e1mci projektu \u201eSoci\u00e1ln\u00ed bydlen\u00ed \u2013 metodick\u00e1 a informa\u010dn\u00ed podpora v&nbsp;oblasti soci\u00e1ln\u00edch agend\u201c, Reg. \u010d. projektu CZ.03.2.63\/0.0\/0.0\/15_017\/0003539)<\/li>\n\n\n\n<li>2017 \u2013 Magistr\u00e1t m\u011bsta Plzn\u011b, \u201eAnal\u00fdza prostorov\u00e9 segregace na \u00fazem\u00ed m\u011bsta Plzn\u011b\u201c (\u0159e\u0161eno v&nbsp;r\u00e1mci projektu \u201ePilotn\u00ed testov\u00e1n\u00ed koncepce soci\u00e1ln\u00edho bydlen\u00ed v&nbsp;Plzni\u201c, registra\u010dn\u00ed \u010d\u00edslo projektu CZ.03.2.63\/0.0\/0.0\/16_128\/000618)<\/li>\n\n\n\n<li>2017 &#8211; Svaz m\u011bst a obc\u00ed a Mepco s.r.o., \u201eAnal\u00fdza pot\u0159eb m\u011bst a obc\u00ed \u010cR\u201c<\/li>\n\n\n\n<li>2016 &#8211; \u010cesk\u00e1 rozvojov\u00e1 agentura, \u201ePodpora p\u0159\u00edpravy n\u00e1rodn\u00ed zpr\u00e1vy pro konferenci UN Habitat III\u201c &#8211; zahrani\u010dn\u00ed rozvojov\u00e1 pomoc \u010cesk\u00e9 republiky, program \u201eVys\u00edl\u00e1n\u00ed expert\u016f\u201c (v r\u00e1mci p\u0159enosu transforma\u010dn\u00edch zku\u0161enost\u00ed), 280899\/2016-\u010cRA<\/li>\n\n\n\n<li>2016 &#8211; M\u011bstsk\u00e1 \u010d\u00e1st Praha 11 \u2013 \u00da\u0159ad m\u011bstsk\u00e9 \u010d\u00e1sti, Cizinci na \u00fazem\u00ed M\u010c Praha 11 \u2013 anal\u00fdza stavu, MCP11\/16\/039 (\u0159e\u0161eno v&nbsp;r\u00e1mci programu MV \u010cR Projekty obc\u00ed na podporu integrace cizinc\u016f na lok\u00e1ln\u00ed \u00farovni)<\/li>\n\n\n\n<li>2015 &#8211; Institut pl\u00e1nov\u00e1n\u00ed a rozvoje hl. m. Prahy, Anal\u00fdza p\u0159edpoklad\u016f stavu ob\u010dansk\u00e9 spole\u010dnosti se zam\u011b\u0159en\u00edm na vnitroblok Vyb\u00edralova a nejbli\u017e\u0161\u00ed okol\u00ed, ZAK 15-0208\/4\/o<\/li>\n\n\n\n<li>2015 &#8211; M\u011bstsk\u00e1 \u010d\u00e1st Praha 4 \u2013 \u00da\u0159ad m\u011bstsk\u00e9 \u010d\u00e1sti, Anal\u00fdza cizinc\u016f v&nbsp;M\u011bstsk\u00e9 \u010d\u00e1sti Praha 4, SML\/2015\/0589\/OKAS (\u0159e\u0161eno v&nbsp;r\u00e1mci programu MV \u010cR Projekty obc\u00ed na podporu integrace cizinc\u016f na lok\u00e1ln\u00ed \u00farovni)<\/li>\n\n\n\n<li>2013 \u2013 MMR \u010cR, Vztahy mezi majoritou, vietnamskou men\u0161inou a dal\u0161\u00edmi n\u00e1rodnostn\u00edmi skupinami v&nbsp;M\u010c Praha-Libu\u0161&nbsp; (v\u00fdzkumn\u00e1 zpr\u00e1va: S\u00fdkora, L., Brabec., T., \u010cerm\u00e1kov\u00e1, D., Fiedlerov\u00e1, K., Ku\u0161nir\u00e1kov\u00e1, T., Matou\u0161ek, R., Pla\u010dkov\u00e1, A., 2013, Vztahy mezi majoritou, vietnamskou men\u0161inou a dal\u0161\u00edmi n\u00e1rodnostn\u00edmi skupinami v&nbsp;M\u010c Praha-Libu\u0161), objednac\u00ed list \u010d. 1097\/2013-94<\/li>\n\n\n\n<li>2012 &#8211; MMR \u010cR, S\u00eddeln\u00ed segregace v&nbsp;lokalit\u011b M\u010c Praha-Libu\u0161 (v\u00fdzkumn\u00e1 zpr\u00e1va: S\u00fdkora, L., Brabec., T., Matou\u0161ek, R., 2012, S\u00eddeln\u00ed segregace v&nbsp;lokalit\u011b M\u010c Praha-Libu\u0161), objednac\u00ed list \u010d. 2261\/2012-94<\/li>\n\n\n\n<li>2012 &#8211; MMR \u010cR, Vztahy mezi majoritou, vietnamskou men\u0161inou a dal\u0161\u00edmi n\u00e1rodnostn\u00edmi skupinami v&nbsp;M\u010c Praha-Libu\u0161: konceptualizace, shrnut\u00ed dosavadn\u00edch znalost\u00ed a n\u00e1vrh \u0161et\u0159en\u00ed (v\u00fdzkumn\u00e1 zpr\u00e1va: S\u00fdkora, L., Brabec., T., \u010cerm\u00e1kov\u00e1, D., Fiedlerov\u00e1, K., Matou\u0161ek, R., 2012, Vztahy mezi majoritou, vietnamskou men\u0161inou a dal\u0161\u00edmi n\u00e1rodnostn\u00edmi skupinami v&nbsp;M\u010c Praha-Libu\u0161: konceptualizace, shrnut\u00ed dosavadn\u00edch znalost\u00ed a n\u00e1vrh \u0161et\u0159en\u00ed), objednac\u00ed list \u010d. 2260\/2012-94<\/li>\n\n\n\n<li>2011 &#8211; MMR \u010cR, P\u0159\u00edpadov\u00e1 studie lokality s\u00eddli\u0161t\u011b Praha Libu\u0161 z&nbsp;hlediska prostorov\u00e9 segregace cizinc\u016f (v\u00fdzkumn\u00e1 zpr\u00e1va: S\u00fdkora, L., Brabec., T., \u010cerm\u00e1kov\u00e1, D., Fiedlerov\u00e1, K., Ku\u010dera, P., Ku\u0161nir\u00e1kov\u00e1, T., Matou\u0161ek, R., 2011, P\u0159\u00edpadov\u00e1 studie lokality s\u00eddli\u0161t\u011b Praha Libu\u0161 z&nbsp;hlediska prostorov\u00e9 segregace cizinc\u016f), smlouva o d\u00edlo \u010d.j. : 39506\/2011-94, \u010d\u00edslo v CES: 4928, \u010d\u00edslo \u00fakolu: 3661\/5166\/68\/94<\/li>\n\n\n\n<li>2010 &#8211; MMR \u010cR, P\u0159\u00edpadov\u00e1 studie reziden\u010dn\u00ed segregace v Karlov\u00fdch Varech, Ministerstvo pro m\u00edstn\u00ed rozvoj &#8211;&nbsp;studie byla vypracov\u00e1na v&nbsp;r\u00e1mci aktivit Ministerstva pro m\u00edstn\u00ed rozvoj napl\u0148uj\u00edc\u00edch Koncepci integrace cizinc\u016f, \u00dakol \u010d.v CES 3661\/5166\/84\/94, \u010d\u00edslo \u00fakolu 4749, smlouva \u010d.j. 37813\/2010-94 (v\u00fdzkumn\u00e1 zpr\u00e1va: S\u00fdkora, L., Brabec., T., \u010cerm\u00e1kov\u00e1, D., Fiedlerov\u00e1, K., Matou\u0161ek, R., Posov\u00e1, D., To\u0161nerov\u00e1, B., Trlifajov\u00e1, L., 2011, P\u0159\u00edpadov\u00e1 studie reziden\u010dn\u00ed segregace v Karlov\u00fdch Varech)<\/li>\n\n\n\n<li>2010 &#8211; MMR \u010cR, P\u0159\u00edpadov\u00e1 studie lokality Bene\u0161ov nad \u010cernou z&nbsp;hlediska prostorov\u00e9 segregace cizinc\u016f, Ministerstvo pro m\u00edstn\u00ed rozvoj&nbsp;&#8211; studie byla vypracov\u00e1na v&nbsp;r\u00e1mci aktivit Ministerstva pro m\u00edstn\u00ed rozvoj napl\u0148uj\u00edc\u00edch Koncepci integrace cizinc\u016f (v\u00fdzkumn\u00e1 zpr\u00e1va: S\u00fdkora, L., Matou\u0161ek, R., Brabec., T., 2010, P\u0159\u00edpadov\u00e1 studie lokality Bene\u0161ov nad \u010cernou z&nbsp;hlediska prostorov\u00e9 segregace cizinc\u016f: ekonomick\u00fd rozvoj a d\u016fsledky ekonomick\u00e9 krize)<\/li>\n\n\n\n<li>2009 &#8211; MMR \u010cR, Prevence prostorov\u00e9 segregace, Ministerstvo pro m\u00edstn\u00ed rozvoj (v\u00fdstupem je kniha S\u00fdkora, L., ed., 2010, Reziden\u010dn\u00ed segregace. Praha, Univerzita Karlova v&nbsp;Praze, P\u0159\u00edrodov\u011bdeck\u00e1 fakulta a Ministerstvo pro m\u00edstn\u00ed rozvoj \u010cesk\u00e9 republiky, 144 s. ISBN 978-80-86561-34-9, ISBN 978-80-87147-25-2)<\/li>\n\n\n\n<li>2005-2006 &#8211; Prevence prostorov\u00e9 segregace, Ministerstvo pro m\u00edstn\u00ed rozvoj (konference a publikace)<\/li>\n\n\n\n<li>2004 \u2013 MMR \u010cR, Mo\u017enosti vyu\u017eit\u00ed \u00fazemn\u00edho pl\u00e1nov\u00e1n\u00ed pro prevenci prostorov\u00e9 segregace.<\/li>\n<\/ul>\n","protected":false},"excerpt":{"rendered":"<p>Projekty v\u00fdzkumu realizovan\u00e9 v&nbsp;r\u00e1mci Centra pro v\u00fdzkum m\u011bsta a region\u016f V\u00fdsledky v&nbsp;oblasti v\u00fdzkumu m\u011bst a region\u016f byly dosa\u017eeny v&nbsp;r\u00e1mci projekt\u016f z\u00e1kladn\u00edho v\u00fdzkumu (podpo\u0159en\u00e9ho Grantovou agenturou \u010cR, M\u0160MT \u010cR), aplikovan\u00e9ho v\u00fdzkumu (podpo\u0159en\u00e9ho Technologickou agenturou \u010cR, MMR \u010cR, ESPON, Visegrad+ Grants Programme, Interreg Central Europe), smluvn\u00edho v\u00fdzkumu (pro ministerstva a samospr\u00e1vy m\u011bst a m\u011bstsk\u00fdch \u010d\u00e1st\u00ed) a v\u00fdzkumu [&hellip;]<\/p>\n","protected":false},"author":4,"featured_media":0,"parent":0,"menu_order":0,"comment_status":"closed","ping_status":"closed","template":"","meta":{"_uag_custom_page_level_css":"","footnotes":""},"class_list":["post-5421","page","type-page","status-publish","hentry"],"uagb_featured_image_src":{"full":false,"thumbnail":false,"medium":false,"medium_large":false,"large":false,"1536x1536":false,"2048x2048":false},"uagb_author_info":{"display_name":"Lud\u011bk S\u00fdkora","author_link":"https:\/\/web.natur.cuni.cz\/cvmr\/author\/sykora_wp\/"},"uagb_comment_info":0,"uagb_excerpt":"Projekty v\u00fdzkumu realizovan\u00e9 v&nbsp;r\u00e1mci Centra pro v\u00fdzkum m\u011bsta a region\u016f V\u00fdsledky v&nbsp;oblasti v\u00fdzkumu m\u011bst a region\u016f byly dosa\u017eeny v&nbsp;r\u00e1mci projekt\u016f z\u00e1kladn\u00edho v\u00fdzkumu (podpo\u0159en\u00e9ho Grantovou agenturou \u010cR, M\u0160MT \u010cR), aplikovan\u00e9ho v\u00fdzkumu (podpo\u0159en\u00e9ho Technologickou agenturou \u010cR, MMR \u010cR, ESPON, Visegrad+ Grants Programme, Interreg Central Europe), smluvn\u00edho v\u00fdzkumu (pro ministerstva a samospr\u00e1vy m\u011bst a m\u011bstsk\u00fdch \u010d\u00e1st\u00ed) a v\u00fdzkumu&hellip;","_links":{"self":[{"href":"https:\/\/web.natur.cuni.cz\/cvmr\/wp-json\/wp\/v2\/pages\/5421","targetHints":{"allow":["GET"]}}],"collection":[{"href":"https:\/\/web.natur.cuni.cz\/cvmr\/wp-json\/wp\/v2\/pages"}],"about":[{"href":"https:\/\/web.natur.cuni.cz\/cvmr\/wp-json\/wp\/v2\/types\/page"}],"author":[{"embeddable":true,"href":"https:\/\/web.natur.cuni.cz\/cvmr\/wp-json\/wp\/v2\/users\/4"}],"replies":[{"embeddable":true,"href":"https:\/\/web.natur.cuni.cz\/cvmr\/wp-json\/wp\/v2\/comments?post=5421"}],"version-history":[{"count":6,"href":"https:\/\/web.natur.cuni.cz\/cvmr\/wp-json\/wp\/v2\/pages\/5421\/revisions"}],"predecessor-version":[{"id":5638,"href":"https:\/\/web.natur.cuni.cz\/cvmr\/wp-json\/wp\/v2\/pages\/5421\/revisions\/5638"}],"wp:attachment":[{"href":"https:\/\/web.natur.cuni.cz\/cvmr\/wp-json\/wp\/v2\/media?parent=5421"}],"curies":[{"name":"wp","href":"https:\/\/api.w.org\/{rel}","templated":true}]}}