{"id":5551,"date":"2023-03-27T18:59:07","date_gmt":"2023-03-27T17:59:07","guid":{"rendered":"https:\/\/web.natur.cuni.cz\/cvmr\/?page_id=5551"},"modified":"2025-10-20T13:10:29","modified_gmt":"2025-10-20T12:10:29","slug":"mecog-ce","status":"publish","type":"page","link":"https:\/\/web.natur.cuni.cz\/cvmr\/mecog-ce\/","title":{"rendered":"MECOG-CE: Strengthening metropolitan cooperation and governance in central Europe"},"content":{"rendered":"\n<p class=\"has-medium-font-size\"><strong>MECOG-CE: Pos\u00edlen\u00ed metropolitn\u00ed spolupr\u00e1ce a spr\u00e1vy ve st\u0159edn\u00ed Evrop\u011b<\/strong><\/p>\n\n\n<div class=\"wp-block-image is-style-default\">\n<figure class=\"aligncenter size-large\"><img loading=\"lazy\" decoding=\"async\" width=\"1024\" height=\"435\" src=\"https:\/\/web.natur.cuni.cz\/cvmr\/wp-content\/uploads\/2023\/04\/MECOG-CE_Logo_Standard_medium-1024x435.png\" alt=\"\" class=\"wp-image-5578\" srcset=\"https:\/\/web.natur.cuni.cz\/cvmr\/wp-content\/uploads\/2023\/04\/MECOG-CE_Logo_Standard_medium-1024x435.png 1024w, https:\/\/web.natur.cuni.cz\/cvmr\/wp-content\/uploads\/2023\/04\/MECOG-CE_Logo_Standard_medium-300x127.png 300w, https:\/\/web.natur.cuni.cz\/cvmr\/wp-content\/uploads\/2023\/04\/MECOG-CE_Logo_Standard_medium-768x326.png 768w, https:\/\/web.natur.cuni.cz\/cvmr\/wp-content\/uploads\/2023\/04\/MECOG-CE_Logo_Standard_medium.png 1256w\" sizes=\"auto, (max-width: 1024px) 100vw, 1024px\" \/><\/figure><\/div>\n\n\n<p>Projekt podpo\u0159en\u00fd programem <strong>Interreg Central Europe<\/strong><\/p>\n\n\n\n<p>P4 &#8211; A better cooperation Governance<\/p>\n\n\n\n<p>SO4.1- Strengthening governance for integrated territorial development in central Europe<\/p>\n\n\n\n<div style=\"height:25px\" aria-hidden=\"true\" class=\"wp-block-spacer\"><\/div>\n\n\n\n<div class=\"wp-block-uagb-image aligncenter uagb-block-bc6b242d wp-block-uagb-image--layout-default wp-block-uagb-image--effect-static wp-block-uagb-image--align-center\"><figure class=\"wp-block-uagb-image__figure\"><a class=\"\" href=\"https:\/\/www.interreg-central.eu\/projects\/mecog-ce\/\" target=\"\" rel=\"noopener\"><img decoding=\"async\" srcset=\"https:\/\/web.natur.cuni.cz\/cvmr\/wp-content\/uploads\/2023\/04\/MECOG-CE-Infosheet-1024x575.jpg \" sizes=\"auto, (max-width: 480px) 150px\" src=\"https:\/\/web.natur.cuni.cz\/cvmr\/wp-content\/uploads\/2023\/04\/MECOG-CE-Infosheet-1024x575.jpg\" alt=\"\" class=\"uag-image-5580\" width=\"840\" height=\"471\" title=\"\" loading=\"lazy\" role=\"img\"\/><\/a><\/figure><\/div>\n\n\n\n<div style=\"height:25px\" aria-hidden=\"true\" class=\"wp-block-spacer\"><\/div>\n\n\n\n<p style=\"font-size:18px\"><a href=\"https:\/\/www.interreg-central.eu\/projects\/mecog-ce\/\"><strong>Project webpage \/\/ webov\u00e1 str\u00e1nka projektu<\/strong><\/a> <strong>MECOG-CE: Strengthening metropolitan cooperation and governance in central Europe<\/strong><\/p>\n\n\n\n<figure class=\"wp-block-embed is-type-wp-embed is-provider-interreg-central-europe wp-block-embed-interreg-central-europe\"><div class=\"wp-block-embed__wrapper\">\nhttps:\/\/www.interreg-central.eu\/projects\/mecog-ce\n<\/div><\/figure>\n\n\n\n<div style=\"height:25px\" aria-hidden=\"true\" class=\"wp-block-spacer\"><\/div>\n\n\n\n<figure class=\"wp-block-embed is-type-wp-embed is-provider-centrum-pro-v-zkum-m-st-a-region-cvmr-centre-for-urban-and-regional-research-cvmr wp-block-embed-centrum-pro-v-zkum-m-st-a-region-cvmr-centre-for-urban-and-regional-research-cvmr\"><div class=\"wp-block-embed__wrapper\">\n<blockquote class=\"wp-embedded-content\" data-secret=\"guL16MtYuM\"><a href=\"https:\/\/web.natur.cuni.cz\/cvmr\/mecog-ce-news\/\">MECOG-CE News<\/a><\/blockquote><iframe loading=\"lazy\" class=\"wp-embedded-content\" sandbox=\"allow-scripts\" security=\"restricted\" style=\"position: absolute; visibility: hidden;\" title=\"&#8220;MECOG-CE News&#8221; &#8212; Centrum pro v\u00fdzkum m\u011bst a region\u016f (CVMR) \/ Centre for Urban and Regional Research (CVMR)\" src=\"https:\/\/web.natur.cuni.cz\/cvmr\/mecog-ce-news\/embed\/#?secret=zRgMolFzb2#?secret=guL16MtYuM\" data-secret=\"guL16MtYuM\" width=\"600\" height=\"338\" frameborder=\"0\" marginwidth=\"0\" marginheight=\"0\" scrolling=\"no\"><\/iframe>\n<\/div><\/figure>\n\n\n\n<div style=\"height:25px\" aria-hidden=\"true\" class=\"wp-block-spacer\"><\/div>\n\n\n\n<p style=\"font-size:18px\"><strong>\u0158e\u0161en\u00ed<\/strong><\/p>\n\n\n\n<p style=\"font-size:18px\">1.4.2023 \u2013 31.3.2026<\/p>\n\n\n\n<hr class=\"wp-block-separator has-alpha-channel-opacity\"\/>\n\n\n\n<p style=\"font-size:25px\"><strong>Project objective<\/strong> \/ <strong>c\u00edl projektu<\/strong><\/p>\n\n\n\n<div style=\"height:25px\" aria-hidden=\"true\" class=\"wp-block-spacer\"><\/div>\n\n\n\n<p>The project aims to enhance metropolitan cooperation and governance in partner metropolitan areas to increase their capability to tackle global challenges using strategic and integrated approach to the metropolitan development. The project partners will identify best practices and develop and test new innovative policies and tools. The gained experience, knowledge and examples through transnational learning will be shared in European Union and specifically in other CE regions. \/\/ <em>C\u00edlem projektu je pos\u00edlit metropolitn\u00ed spolupr\u00e1ci a spr\u00e1vu v partnersk\u00fdch metropolitn\u00edch oblastech, aby se zv\u00fd\u0161ila jejich schopnost \u0159e\u0161it glob\u00e1ln\u00ed v\u00fdzvy pomoc\u00ed strategick\u00e9ho a integrovan\u00e9ho p\u0159\u00edstupu k metropolitn\u00edmu rozvoji. Partne\u0159i projektu budou identifikovat osv\u011bd\u010den\u00e9 postupy a vyv\u00edjet a testovat nov\u00e9 inovativn\u00ed politiky a n\u00e1stroje. Z\u00edskan\u00e9 zku\u0161enosti, znalosti a p\u0159\u00edklady z\u00edskan\u00e9 prost\u0159ednictv\u00edm nadn\u00e1rodn\u00edho u\u010den\u00ed budou sd\u00edleny v Evropsk\u00e9 unii a zejm\u00e9na v dal\u0161\u00edch regionech st\u0159edn\u00ed Evropy.<\/em><\/p>\n\n\n\n<div style=\"height:25px\" aria-hidden=\"true\" class=\"wp-block-spacer\"><\/div>\n\n\n\n<p style=\"font-size:25px\"><strong>Project partners \/ projektov\u00ed partne\u0159i:<\/strong><\/p>\n\n\n\n<div style=\"height:25px\" aria-hidden=\"true\" class=\"wp-block-spacer\"><\/div>\n\n\n\n<ul class=\"wp-block-list\">\n<li>City of Brno (lead partner)<\/li>\n\n\n\n<li>Stuttgart<\/li>\n\n\n\n<li>Torino<\/li>\n\n\n\n<li>University of Silesiain Katowice<\/li>\n\n\n\n<li>Warsaw<\/li>\n\n\n\n<li>Ostrava<\/li>\n\n\n\n<li>Metropolitan Research Institute (Budapest)<\/li>\n\n\n\n<li>Berlin-Brandenburg<\/li>\n\n\n\n<li>Charles university<\/li>\n<\/ul>\n\n\n\n<div style=\"height:25px\" aria-hidden=\"true\" class=\"wp-block-spacer\"><\/div>\n\n\n\n<p style=\"font-size:25px\"><strong>Associated partners \/ p\u0159idru\u017een\u00ed partne\u0159i:<\/strong><\/p>\n\n\n\n<ul class=\"wp-block-list\">\n<li>Metropolis GZM (Katowice)<\/li>\n\n\n\n<li>Milano<\/li>\n\n\n\n<li>METREX (Lyon)<\/li>\n\n\n\n<li>Eurocities (Brussels)<\/li>\n\n\n\n<li>Ministry of Regional Development of the Czech Republic<\/li>\n\n\n\n<li>Union of Polish Metropolises (Warsaw)<\/li>\n<\/ul>\n\n\n\n<div style=\"height:25px\" aria-hidden=\"true\" class=\"wp-block-spacer\"><\/div>\n\n\n\n<p style=\"font-size:25px\"><strong>\u0158e\u0161itelsk\u00fd t\u00fdm na Univerzit\u011b Karlov\u011b<\/strong> \/ <strong>Research team at Charles University<\/strong><\/p>\n\n\n\n<p style=\"font-size:16px\">prof. RNDr. Lud\u011bk S\u00fdkora, Ph.D. \u2013 project partner leader and coordinator \/ hlavn\u00ed \u0159e\u0161itel<\/p>\n\n\n\n<p style=\"font-size:16px\">Bc. Matej Martin\u00e1k, listopad 2024 &#8211; b\u0159ezen 2025, WP2 Capacity building towards pilot actions and new solutions<\/p>\n\n\n\n<p style=\"font-size:16px\">Bc. Al\u017eb\u011bta Rychnovsk\u00e1 duben 2023 &#8211; b\u0159ezen 2024, WP1: Analysis of metropolitan dimension<\/p>\n\n\n\n<p style=\"font-size:16px\">Jarmila Teskov\u00e1 &#8211; technical, administrative and organisational support \/ technick\u00e1, administrativn\u00ed a organiza\u010dn\u00ed podpora<\/p>\n\n\n\n<div style=\"height:25px\" aria-hidden=\"true\" class=\"wp-block-spacer\"><\/div>\n\n\n\n<hr class=\"wp-block-separator has-alpha-channel-opacity\"\/>\n\n\n\n<p style=\"font-size:25px\"><strong>Project results<\/strong> <strong>and outputs<\/strong> \/ <strong>v\u00fdsledky a v\u00fdstupy projektu<\/strong><\/p>\n\n\n\n<p>An up-to-date overview of project results and achievements is available on the project website in the <a href=\"https:\/\/www.interreg-central.eu\/projects\/mecog-ce\/?tab=news\" data-type=\"link\" data-id=\"https:\/\/www.interreg-central.eu\/projects\/mecog-ce\/?tab=news\">News section<\/a>. Key project outputs are available on the project website in the <a href=\"https:\/\/www.interreg-central.eu\/projects\/mecog-ce\/?tab=outputs\" data-type=\"link\" data-id=\"https:\/\/www.interreg-central.eu\/projects\/mecog-ce\/?tab=outputs\">Outputs section<\/a>. In addition to results and outputs, the <a href=\"https:\/\/www.linkedin.com\/company\/mecog%E2%80%93ce\/posts\/?feedView=all\" data-type=\"link\" data-id=\"https:\/\/www.linkedin.com\/company\/mecog%E2%80%93ce\/posts\/?feedView=all\">MECOG-CE LinkedIn profile<\/a> provides updates on the project&#8217;s findings, meetings and discussions. \/\/ <em>Aktu\u00e1ln\u00ed p\u0159ehled o v\u00fdsledc\u00edch a \u00fasp\u011b\u0161\u00edch projekt\u016f je uveden na webov\u00fdch str\u00e1nk\u00e1ch projektu v sekci <a href=\"https:\/\/www.interreg-central.eu\/projects\/mecog-ce\/?tab=news\" data-type=\"link\" data-id=\"https:\/\/www.interreg-central.eu\/projects\/mecog-ce\/?tab=news\">Novinky (News)<\/a>. Kl\u00ed\u010dov\u00e9 v\u00fdstupy projektu jsou k dispozici na webov\u00fdch str\u00e1nk\u00e1ch projektu v sekci V\u00fdstupy <a href=\"https:\/\/www.interreg-central.eu\/projects\/mecog-ce\/?tab=outputs\" data-type=\"link\" data-id=\"https:\/\/www.interreg-central.eu\/projects\/mecog-ce\/?tab=outputs\">(Outputs)<\/a>.<\/em> Krom\u011b v\u00fdsledk\u016f a v\u00fdstup\u016f jsou na <a href=\"https:\/\/www.linkedin.com\/company\/mecog%E2%80%93ce\/posts\/?feedView=all\" data-type=\"link\" data-id=\"https:\/\/www.linkedin.com\/company\/mecog%E2%80%93ce\/posts\/?feedView=all\">profilu MECOG-CE na s\u00edti LinkedIn<\/a> k dispozici aktu\u00e1ln\u00ed informace o zji\u0161t\u011bn\u00edch, sch\u016fzk\u00e1ch a diskus\u00edch v r\u00e1mci projektu.<\/p>\n\n\n\n<div style=\"height:25px\" aria-hidden=\"true\" class=\"wp-block-spacer\"><\/div>\n\n\n\n<p><strong><mark style=\"background-color:rgba(0, 0, 0, 0)\" class=\"has-inline-color has-vivid-cyan-blue-color\">Key Output \/\/ Kl\u00ed\u010dov\u00fd v\u00fdstup (WP 1):<\/mark><\/strong> <strong>We are the Metropolitan Areas \u2013 Our Common Metropolitan Vision<\/strong> \/\/ <strong>My jsme metropolitn\u00ed oblasti &#8211; na\u0161e spole\u010dn\u00e1 metropolitn\u00ed vize<\/strong><\/p>\n\n\n\n<p>Policy advocacy document which articulates the long-term and shared position of MECOG-CE partners to promote metropolitan dimension in public policies. This key output which was coordinated by Charles University was achieved in March 2024. <a href=\"https:\/\/www.interreg-central.eu\/wp-content\/uploads\/2025\/03\/Common-Metropolitan-Vision_full-version-2025.pdf\" data-type=\"link\" data-id=\"https:\/\/www.interreg-central.eu\/wp-content\/uploads\/2025\/03\/Common-Metropolitan-Vision_full-version-2025.pdf\">Document for download.<\/a> \/\/ <em>Politick\u00fd dokument, kter\u00fd vyjad\u0159uje dlouhodob\u00fd a spole\u010dn\u00fd postoj partner\u016f MECOG-CE k prosazov\u00e1n\u00ed metropolitn\u00edho rozm\u011bru ve ve\u0159ejn\u00fdch politik\u00e1ch.<\/em> Tento kl\u00ed\u010dov\u00fd v\u00fdstup za jeho\u017e p\u0159\u00edpravu byla zodpov\u011bdn\u00e1 Univerzita Karlova byl dosa\u017een v b\u0159eznu 2024. <a href=\"https:\/\/www.interreg-central.eu\/wp-content\/uploads\/2025\/03\/Common-Metropolitan-Vision_full-version-2025.pdf\" data-type=\"link\" data-id=\"https:\/\/www.interreg-central.eu\/wp-content\/uploads\/2025\/03\/Common-Metropolitan-Vision_full-version-2025.pdf\">Dokument ke sta\u017een\u00ed. <\/a><\/p>\n\n\n\n<div style=\"height:25px\" aria-hidden=\"true\" class=\"wp-block-spacer\"><\/div>\n\n\n\n<p><strong><mark style=\"background-color:rgba(0, 0, 0, 0)\" class=\"has-inline-color has-vivid-cyan-blue-color\">Result \/\/ V\u00fdsledek (WP 1):<\/mark><\/strong> <strong>MECOG-CE metropolitan areas and their best practices \/\/ Metropolitn\u00ed oblasti MECOG-CE a osv\u011bd\u010den\u00e9 postupy<\/strong><\/p>\n\n\n\n<p>A <a href=\"https:\/\/storymaps.arcgis.com\/stories\/6c9f00d17d7c4f33a15d77f22254f196\" data-type=\"link\" data-id=\"https:\/\/storymaps.arcgis.com\/stories\/6c9f00d17d7c4f33a15d77f22254f196\">StoryMap<\/a> presents the metropolitan structures of each metropolitan area involved in the MECOG-CE project. An <a href=\"https:\/\/www.interreg-central.eu\/wp-content\/uploads\/2024\/12\/Executive-summary_Best-practices-and-metropolitan-governance-structures.pdf\" data-type=\"link\" data-id=\"https:\/\/www.interreg-central.eu\/wp-content\/uploads\/2024\/12\/Executive-summary_Best-practices-and-metropolitan-governance-structures.pdf\">executive summary<\/a> overviews existing tools\/best practices for enhancing metropolitan cooperation at MECOG-CE metropoliotan areas. Charles University participated through suggesting the StoryMap for presentation and providing feedback during its preparation.  \/\/ <em><a href=\"https:\/\/storymaps.arcgis.com\/stories\/6c9f00d17d7c4f33a15d77f22254f196\" data-type=\"link\" data-id=\"https:\/\/storymaps.arcgis.com\/stories\/6c9f00d17d7c4f33a15d77f22254f196\">StoryMap<\/a> p\u0159edstavuje metropolitn\u00ed struktury jednotliv\u00fdch metropolitn\u00edch oblast\u00ed zapojen\u00fdch do projektu MECOG-CE. <a href=\"https:\/\/www.interreg-central.eu\/wp-content\/uploads\/2024\/12\/Executive-summary_Best-practices-and-metropolitan-governance-structures.pdf\" data-type=\"link\" data-id=\"https:\/\/www.interreg-central.eu\/wp-content\/uploads\/2024\/12\/Executive-summary_Best-practices-and-metropolitan-governance-structures.pdf\">Mana\u017eersk\u00e9 shrnut\u00ed <\/a>obsahuje p\u0159ehled st\u00e1vaj\u00edc\u00edch n\u00e1stroj\u016f\/osv\u011bd\u010den\u00fdch postup\u016f pro pos\u00edlen\u00ed metropolitn\u00ed spolupr\u00e1ce v metropolitn\u00edch oblastech MECOG-CE.<\/em> <em>Univerzita Karlova se pod\u00edlela na n\u00e1m\u011btu vyu\u017e\u00edt k prezentaci StoryMap a na p\u0159ipom\u00ednkov\u00e1n\u00ed v\u00fdsledk\u016f<\/em>.<\/p>\n\n\n\n<div style=\"height:25px\" aria-hidden=\"true\" class=\"wp-block-spacer\"><\/div>\n\n\n\n<p><strong><mark style=\"background-color:rgba(0, 0, 0, 0)\" class=\"has-inline-color has-vivid-cyan-blue-color\">Key Output \/\/ Kl\u00ed\u010dov\u00fd v\u00fdstup (WP 2):<\/mark><\/strong> <strong>New solutions enhancing metropolitan cooperation and governance<\/strong> \/\/ <strong>Nov\u00e1 \u0159e\u0161en\u00ed posiluj\u00edc\u00ed metropolitn\u00ed spolupr\u00e1ci a spr\u00e1vu<\/strong><\/p>\n\n\n\n<p>Unique and innovative solutions provide guidelines for implementing tools that enable enhancing capacities for integrated territorial development and tackling the most pressing challenges. This key output on which Charles University participated as academic partner was achieved in March 2025. <a href=\"https:\/\/www.interreg-central.eu\/wp-content\/uploads\/2025\/03\/MECOG-CE_D.2.3.2_Catalogue-of-newly-developed-solutions_web.pdf\" data-type=\"link\" data-id=\"https:\/\/www.interreg-central.eu\/wp-content\/uploads\/2025\/03\/MECOG-CE_D.2.3.2_Catalogue-of-newly-developed-solutions_web.pdf\">Cataloque of new solutions<\/a> and <a href=\"https:\/\/www.interreg-central.eu\/wp-content\/uploads\/2025\/07\/MECOG-CE-New-Solutions-Brochure.pdf\" data-type=\"link\" data-id=\"https:\/\/www.interreg-central.eu\/wp-content\/uploads\/2025\/07\/MECOG-CE-New-Solutions-Brochure.pdf\">MECOG-CE New Solutions Brochure<\/a> and <a href=\"https:\/\/www.interreg-central.eu\/wp-content\/uploads\/2025\/07\/MECOG-CE-Pilot-Actions-and-New-Solutions-Brochure.pdf\" data-type=\"link\" data-id=\"https:\/\/www.interreg-central.eu\/wp-content\/uploads\/2025\/07\/MECOG-CE-Pilot-Actions-and-New-Solutions-Brochure.pdf\">MECOG-CE Pilot Actions And New Solutions Brochure<\/a> \/\/ <em>Jedine\u010dn\u00e1 a inovativn\u00ed \u0159e\u0161en\u00ed poskytuj\u00ed n\u00e1vod na implementaci n\u00e1stroj\u016f, kter\u00e9 umo\u017e\u0148uj\u00ed pos\u00edlit kapacity pro integrovan\u00fd \u00fazemn\u00ed rozvoj a \u0159e\u0161it nejnal\u00e9hav\u011bj\u0161\u00ed probl\u00e9my. Tento kl\u00ed\u010dov\u00fd v\u00fdstup na n\u011bm\u017e Univerzita Karlova spolupracovala jako akademick\u00fd partner byl dosa\u017een v b\u0159eznu 2025.  <a href=\"https:\/\/www.interreg-central.eu\/wp-content\/uploads\/2025\/03\/MECOG-CE_D.2.3.2_Catalogue-of-newly-developed-solutions_web.pdf\" data-type=\"link\" data-id=\"https:\/\/www.interreg-central.eu\/wp-content\/uploads\/2025\/03\/MECOG-CE_D.2.3.2_Catalogue-of-newly-developed-solutions_web.pdf\">Katalog nov\u00fdch \u0159e\u0161en\u00ed<\/a><\/em> a bro\u017eury <a href=\"https:\/\/www.interreg-central.eu\/wp-content\/uploads\/2025\/07\/MECOG-CE-New-Solutions-Brochure.pdf\" data-type=\"link\" data-id=\"https:\/\/www.interreg-central.eu\/wp-content\/uploads\/2025\/07\/MECOG-CE-New-Solutions-Brochure.pdf\">MECOG-CE New Solutions<\/a> a <a href=\"https:\/\/www.interreg-central.eu\/wp-content\/uploads\/2025\/07\/MECOG-CE-Pilot-Actions-and-New-Solutions-Brochure.pdf\" data-type=\"link\" data-id=\"https:\/\/www.interreg-central.eu\/wp-content\/uploads\/2025\/07\/MECOG-CE-Pilot-Actions-and-New-Solutions-Brochure.pdf\">MECOG-CE Pilot Actions And New Solutions<\/a><\/p>\n\n\n\n<div style=\"height:25px\" aria-hidden=\"true\" class=\"wp-block-spacer\"><\/div>\n\n\n\n<div style=\"height:25px\" aria-hidden=\"true\" class=\"wp-block-spacer\"><\/div>\n\n\n\n<div class=\"wp-block-uagb-image aligncenter uagb-block-c2740c47 wp-block-uagb-image--layout-default wp-block-uagb-image--effect-static wp-block-uagb-image--align-center\"><figure class=\"wp-block-uagb-image__figure\"><img decoding=\"async\" srcset=\"https:\/\/web.natur.cuni.cz\/cvmr\/wp-content\/uploads\/2023\/04\/Interreg-Poster-Brno-725x1024.jpg \" sizes=\"auto, (max-width: 480px) 150px\" src=\"https:\/\/web.natur.cuni.cz\/cvmr\/wp-content\/uploads\/2023\/04\/Interreg-Poster-Brno-725x1024.jpg\" alt=\"\" class=\"uag-image-5583\" width=\"725\" height=\"1024\" title=\"\" loading=\"lazy\" role=\"img\"\/><\/figure><\/div>\n\n\n\n<p><\/p>\n","protected":false},"excerpt":{"rendered":"<p>MECOG-CE: Pos\u00edlen\u00ed metropolitn\u00ed spolupr\u00e1ce a spr\u00e1vy ve st\u0159edn\u00ed Evrop\u011b Projekt podpo\u0159en\u00fd programem Interreg Central Europe P4 &#8211; A better cooperation Governance SO4.1- Strengthening governance for integrated territorial development in central Europe Project webpage \/\/ webov\u00e1 str\u00e1nka projektu MECOG-CE: Strengthening metropolitan cooperation and governance in central Europe \u0158e\u0161en\u00ed 1.4.2023 \u2013 31.3.2026 Project objective \/ c\u00edl projektu [&hellip;]<\/p>\n","protected":false},"author":4,"featured_media":0,"parent":0,"menu_order":0,"comment_status":"closed","ping_status":"closed","template":"","meta":{"_uag_custom_page_level_css":"","footnotes":""},"class_list":["post-5551","page","type-page","status-publish","hentry"],"uagb_featured_image_src":{"full":false,"thumbnail":false,"medium":false,"medium_large":false,"large":false,"1536x1536":false,"2048x2048":false},"uagb_author_info":{"display_name":"Lud\u011bk S\u00fdkora","author_link":"https:\/\/web.natur.cuni.cz\/cvmr\/author\/sykora_wp\/"},"uagb_comment_info":0,"uagb_excerpt":"MECOG-CE: Pos\u00edlen\u00ed metropolitn\u00ed spolupr\u00e1ce a spr\u00e1vy ve st\u0159edn\u00ed Evrop\u011b Projekt podpo\u0159en\u00fd programem Interreg Central Europe P4 &#8211; A better cooperation Governance SO4.1- Strengthening governance for integrated territorial development in central Europe Project webpage \/\/ webov\u00e1 str\u00e1nka projektu MECOG-CE: Strengthening metropolitan cooperation and governance in central Europe \u0158e\u0161en\u00ed 1.4.2023 \u2013 31.3.2026 Project objective \/ c\u00edl projektu&hellip;","_links":{"self":[{"href":"https:\/\/web.natur.cuni.cz\/cvmr\/wp-json\/wp\/v2\/pages\/5551","targetHints":{"allow":["GET"]}}],"collection":[{"href":"https:\/\/web.natur.cuni.cz\/cvmr\/wp-json\/wp\/v2\/pages"}],"about":[{"href":"https:\/\/web.natur.cuni.cz\/cvmr\/wp-json\/wp\/v2\/types\/page"}],"author":[{"embeddable":true,"href":"https:\/\/web.natur.cuni.cz\/cvmr\/wp-json\/wp\/v2\/users\/4"}],"replies":[{"embeddable":true,"href":"https:\/\/web.natur.cuni.cz\/cvmr\/wp-json\/wp\/v2\/comments?post=5551"}],"version-history":[{"count":32,"href":"https:\/\/web.natur.cuni.cz\/cvmr\/wp-json\/wp\/v2\/pages\/5551\/revisions"}],"predecessor-version":[{"id":5724,"href":"https:\/\/web.natur.cuni.cz\/cvmr\/wp-json\/wp\/v2\/pages\/5551\/revisions\/5724"}],"wp:attachment":[{"href":"https:\/\/web.natur.cuni.cz\/cvmr\/wp-json\/wp\/v2\/media?parent=5551"}],"curies":[{"name":"wp","href":"https:\/\/api.w.org\/{rel}","templated":true}]}}