{"id":5556,"date":"2023-03-27T19:16:23","date_gmt":"2023-03-27T18:16:23","guid":{"rendered":"https:\/\/web.natur.cuni.cz\/cvmr\/?page_id=5556"},"modified":"2023-11-04T21:07:05","modified_gmt":"2023-11-04T20:07:05","slug":"kontakt","status":"publish","type":"page","link":"https:\/\/web.natur.cuni.cz\/cvmr\/kontakt\/","title":{"rendered":"Kontakty"},"content":{"rendered":"\n<div style=\"height:40px\" aria-hidden=\"true\" class=\"wp-block-spacer\"><\/div>\n\n\n\n<h6 class=\"wp-block-heading\" style=\"font-size:25px\"><strong>Vedouc\u00ed centra:<\/strong><\/h6>\n\n\n\n<p><\/p>\n\n\n\n<p style=\"font-size:18px\">prof. RNDr. Lud\u011bk S\u00fdkora, Ph.D.<\/p>\n\n\n\n<p style=\"font-size:18px\">Email: <a href=\"mailto:sykora@natur.cuni.cz\">sykora@natur.cuni.cz<\/a><\/p>\n\n\n\n<p style=\"font-size:18px\">Web: <a href=\"http:\/\/www.natur.cuni.cz\/geografie\/socialni-geografie-a-regionalni-rozvoj\/sykora\">www.natur.cuni.cz\/geografie\/socialni-geografie-a-regionalni-rozvoj\/sykora<\/a><\/p>\n\n\n\n<div style=\"height:50px\" aria-hidden=\"true\" class=\"wp-block-spacer\"><\/div>\n\n\n\n<h6 class=\"wp-block-heading\" style=\"font-size:25px\"><strong>V\u00fdzkumn\u00e9 centrum:<\/strong><\/h6>\n\n\n\n<p><\/p>\n\n\n\n<p style=\"font-size:18px\"><strong>Centrum pro v\u00fdzkum m\u011bst a region\u016f<\/strong><\/p>\n\n\n\n<p style=\"font-size:18px\">Web CVMR: <a href=\"http:\/\/www.cvmr.cz\">www.cvmr.cz<\/a><\/p>\n\n\n\n<p style=\"font-size:18px\">Web SEGREGACE: <a href=\"http:\/\/www.segregace.cz\">www.segregace.cz<\/a><\/p>\n\n\n\n<p style=\"font-size:18px\">Facebook: <a href=\"https:\/\/www.facebook.com\/profile.php?id=100054538835723\" target=\"_blank\" rel=\"noreferrer noopener\">https:\/\/www.facebook.com\/profile.php?id=100054538835723<\/a><\/p>\n\n\n\n<div style=\"height:50px\" aria-hidden=\"true\" class=\"wp-block-spacer\"><\/div>\n\n\n\n<h6 class=\"wp-block-heading\" style=\"font-size:25px\"><strong>Pracovi\u0161t\u011b:<\/strong><\/h6>\n\n\n\n<p><\/p>\n\n\n\n<p style=\"font-size:18px\">Katedra soci\u00e1ln\u00ed geografie a region\u00e1ln\u00edho rozvoje<\/p>\n\n\n\n<p style=\"font-size:18px\">P\u0159\u00edrodov\u011bdeck\u00e1 fakulta<\/p>\n\n\n\n<p style=\"font-size:18px\">Univerzita Karlova<\/p>\n\n\n\n<p style=\"font-size:18px\">Web: <a href=\"https:\/\/www.natur.cuni.cz\/geografie\/socialni-geografie-a-regionalni-rozvoj\">www.natur.cuni.cz\/geografie\/socialni-geografie-a-regionalni-rozvoj<\/a><\/p>\n\n\n\n<div style=\"height:50px\" aria-hidden=\"true\" class=\"wp-block-spacer\"><\/div>\n\n\n\n<h6 class=\"wp-block-heading\" style=\"font-size:25px\"><strong>Spr\u00e1va webu:<\/strong><\/h6>\n\n\n\n<p><\/p>\n\n\n\n<p style=\"font-size:18px\">Mgr. Adam Martinek<\/p>\n\n\n\n<p style=\"font-size:18px\">Email: <a href=\"mailto:adam.martinek@natur.cuni.cz\">adam.martinek@natur.cuni.cz<\/a><\/p>\n","protected":false},"excerpt":{"rendered":"<p>Vedouc\u00ed centra: prof. RNDr. Lud\u011bk S\u00fdkora, Ph.D. Email: sykora@natur.cuni.cz Web: www.natur.cuni.cz\/geografie\/socialni-geografie-a-regionalni-rozvoj\/sykora V\u00fdzkumn\u00e9 centrum: Centrum pro v\u00fdzkum m\u011bst a region\u016f Web CVMR: www.cvmr.cz Web SEGREGACE: www.segregace.cz Facebook: https:\/\/www.facebook.com\/profile.php?id=100054538835723 Pracovi\u0161t\u011b: Katedra soci\u00e1ln\u00ed geografie a region\u00e1ln\u00edho rozvoje P\u0159\u00edrodov\u011bdeck\u00e1 fakulta Univerzita Karlova Web: www.natur.cuni.cz\/geografie\/socialni-geografie-a-regionalni-rozvoj Spr\u00e1va webu: Mgr. Adam Martinek Email: adam.martinek@natur.cuni.cz<\/p>\n","protected":false},"author":4,"featured_media":0,"parent":0,"menu_order":0,"comment_status":"closed","ping_status":"closed","template":"","meta":{"_uag_custom_page_level_css":"","footnotes":""},"class_list":["post-5556","page","type-page","status-publish","hentry"],"uagb_featured_image_src":{"full":false,"thumbnail":false,"medium":false,"medium_large":false,"large":false,"1536x1536":false,"2048x2048":false},"uagb_author_info":{"display_name":"Lud\u011bk S\u00fdkora","author_link":"https:\/\/web.natur.cuni.cz\/cvmr\/author\/sykora_wp\/"},"uagb_comment_info":0,"uagb_excerpt":"Vedouc\u00ed centra: prof. RNDr. Lud\u011bk S\u00fdkora, Ph.D. Email: sykora@natur.cuni.cz Web: www.natur.cuni.cz\/geografie\/socialni-geografie-a-regionalni-rozvoj\/sykora V\u00fdzkumn\u00e9 centrum: Centrum pro v\u00fdzkum m\u011bst a region\u016f Web CVMR: www.cvmr.cz Web SEGREGACE: www.segregace.cz Facebook: https:\/\/www.facebook.com\/profile.php?id=100054538835723 Pracovi\u0161t\u011b: Katedra soci\u00e1ln\u00ed geografie a region\u00e1ln\u00edho rozvoje P\u0159\u00edrodov\u011bdeck\u00e1 fakulta Univerzita Karlova Web: www.natur.cuni.cz\/geografie\/socialni-geografie-a-regionalni-rozvoj Spr\u00e1va webu: Mgr. Adam Martinek Email: adam.martinek@natur.cuni.cz","_links":{"self":[{"href":"https:\/\/web.natur.cuni.cz\/cvmr\/wp-json\/wp\/v2\/pages\/5556","targetHints":{"allow":["GET"]}}],"collection":[{"href":"https:\/\/web.natur.cuni.cz\/cvmr\/wp-json\/wp\/v2\/pages"}],"about":[{"href":"https:\/\/web.natur.cuni.cz\/cvmr\/wp-json\/wp\/v2\/types\/page"}],"author":[{"embeddable":true,"href":"https:\/\/web.natur.cuni.cz\/cvmr\/wp-json\/wp\/v2\/users\/4"}],"replies":[{"embeddable":true,"href":"https:\/\/web.natur.cuni.cz\/cvmr\/wp-json\/wp\/v2\/comments?post=5556"}],"version-history":[{"count":4,"href":"https:\/\/web.natur.cuni.cz\/cvmr\/wp-json\/wp\/v2\/pages\/5556\/revisions"}],"predecessor-version":[{"id":5654,"href":"https:\/\/web.natur.cuni.cz\/cvmr\/wp-json\/wp\/v2\/pages\/5556\/revisions\/5654"}],"wp:attachment":[{"href":"https:\/\/web.natur.cuni.cz\/cvmr\/wp-json\/wp\/v2\/media?parent=5556"}],"curies":[{"name":"wp","href":"https:\/\/api.w.org\/{rel}","templated":true}]}}