{"id":5002,"date":"2021-01-20T12:17:39","date_gmt":"2021-01-20T11:17:39","guid":{"rendered":"https:\/\/ukazky.euweb.cz\/?page_id=5002"},"modified":"2022-05-16T14:25:08","modified_gmt":"2022-05-16T14:25:08","slug":"venue","status":"publish","type":"page","link":"https:\/\/web.natur.cuni.cz\/eccn10\/venue\/","title":{"rendered":"Faculty of Science, Charles University"},"content":{"rendered":"\n<figure class=\"wp-block-image size-large\"><img loading=\"lazy\" width=\"1024\" height=\"682\" src=\"https:\/\/web.natur.cuni.cz\/eccn10\/wp-content\/uploads\/2022\/03\/DJI_0533-1024x682.jpg\" alt=\"\" class=\"wp-image-5635\" srcset=\"https:\/\/web.natur.cuni.cz\/eccn10\/wp-content\/uploads\/2022\/03\/DJI_0533-1024x682.jpg 1024w, https:\/\/web.natur.cuni.cz\/eccn10\/wp-content\/uploads\/2022\/03\/DJI_0533-300x200.jpg 300w, https:\/\/web.natur.cuni.cz\/eccn10\/wp-content\/uploads\/2022\/03\/DJI_0533-768x512.jpg 768w, https:\/\/web.natur.cuni.cz\/eccn10\/wp-content\/uploads\/2022\/03\/DJI_0533-1536x1023.jpg 1536w, https:\/\/web.natur.cuni.cz\/eccn10\/wp-content\/uploads\/2022\/03\/DJI_0533-2048x1364.jpg 2048w\" sizes=\"(max-width: 1024px) 100vw, 1024px\" \/><\/figure>\n\n\n\n<p>The ECCN10 will take place at the Faculty of Science, Charles University. The campus was built at the beginning of the 20th century on the edge of the New Town (part of the historic center of Prague founded in 1348 by Charles IV) in the vicinity of fort Vy\u0161ehrad and the Vltava River.<\/p>\n\n\n\n<p class=\"has-text-align-center\">Albertov 6<\/p>\n\n\n\n<p class=\"has-text-align-center\">128 44 Praha 2<\/p>\n\n\n\n<p class=\"has-text-align-center\">Czech republic<\/p>\n\n\n\n<p><\/p>\n\n\n\n<div class=\"wp-container-69e327b5a52f7 wp-block-group\"><div class=\"wp-block-group__inner-container\">\n<h2>The lecture hall (Velk\u00e1 geologick\u00e1 posluch\u00e1rna)<\/h2>\n\n\n\n<p>The talks will take place in this beautiful art nouveau lecture hall that has been recently refurbished by <a rel=\"noopener\" href=\"https:\/\/aveton.cz\/en\/home\/\" target=\"_blank\">Aveton<\/a>.<\/p>\n\n\n\n<figure class=\"wp-block-image size-large\"><img loading=\"lazy\" width=\"1024\" height=\"683\" src=\"https:\/\/web.natur.cuni.cz\/eccn10\/wp-content\/uploads\/2022\/03\/GEOLOGICKA-1024x683.jpg\" alt=\"\" class=\"wp-image-5515\" srcset=\"https:\/\/web.natur.cuni.cz\/eccn10\/wp-content\/uploads\/2022\/03\/GEOLOGICKA-1024x683.jpg 1024w, https:\/\/web.natur.cuni.cz\/eccn10\/wp-content\/uploads\/2022\/03\/GEOLOGICKA-300x200.jpg 300w, https:\/\/web.natur.cuni.cz\/eccn10\/wp-content\/uploads\/2022\/03\/GEOLOGICKA-768x512.jpg 768w, https:\/\/web.natur.cuni.cz\/eccn10\/wp-content\/uploads\/2022\/03\/GEOLOGICKA-1536x1024.jpg 1536w, https:\/\/web.natur.cuni.cz\/eccn10\/wp-content\/uploads\/2022\/03\/GEOLOGICKA.jpg 2048w\" sizes=\"(max-width: 1024px) 100vw, 1024px\" \/><\/figure>\n<\/div><\/div>\n\n\n\n<h2>Botanical garden<\/h2>\n\n\n\n<p>The welcome party will take place in the botanical garden of the Faculty of Science.<\/p>\n\n\n\n<figure class=\"wp-block-image size-large\"><img loading=\"lazy\" width=\"1024\" height=\"683\" src=\"https:\/\/web.natur.cuni.cz\/eccn10\/wp-content\/uploads\/2022\/03\/DJI_0783-1024x683.jpg\" alt=\"\" class=\"wp-image-5650\" srcset=\"https:\/\/web.natur.cuni.cz\/eccn10\/wp-content\/uploads\/2022\/03\/DJI_0783-1024x683.jpg 1024w, https:\/\/web.natur.cuni.cz\/eccn10\/wp-content\/uploads\/2022\/03\/DJI_0783-300x200.jpg 300w, https:\/\/web.natur.cuni.cz\/eccn10\/wp-content\/uploads\/2022\/03\/DJI_0783-768x512.jpg 768w, https:\/\/web.natur.cuni.cz\/eccn10\/wp-content\/uploads\/2022\/03\/DJI_0783-1536x1024.jpg 1536w, https:\/\/web.natur.cuni.cz\/eccn10\/wp-content\/uploads\/2022\/03\/DJI_0783-2048x1365.jpg 2048w\" sizes=\"(max-width: 1024px) 100vw, 1024px\" \/><\/figure>\n\n\n\n<p><\/p>\n\n\n\n<h2>Potrefen\u00e1 husa<\/h2>\n\n\n\n<p>Lunches will be served at the excellent restaurant <a href=\"https:\/\/www.phalbertov.cz\/en\/\" data-type=\"URL\" data-id=\"https:\/\/www.phalbertov.cz\/en\/\" target=\"_blank\" rel=\"noreferrer noopener\">Potrefen\u00e1 husa<\/a>, close to the conference venue.<\/p>\n\n\n\n<figure class=\"wp-block-image size-large is-resized\"><img loading=\"lazy\" src=\"https:\/\/www.phalbertov.cz\/data\/galerie\/e2891ca73d5fa8d1913b9bc87ef6c639.jpg\" alt=\"\" width=\"1024\" height=\"682\"\/><\/figure>\n\n\n\n<p><\/p>\n\n\n\n<h2>Social evening<\/h2>\n\n\n\n<p>The social evening will be held at the <a rel=\"noreferrer noopener\" href=\"http:\/\/bastion-prague.cz\/wp-content\/uploads\/Prospekt-AJ-%C4%8Dern%C3%BD.pdf\" data-type=\"URL\" data-id=\"http:\/\/bastion-prague.cz\/wp-content\/uploads\/Prospekt-AJ-%C4%8Dern%C3%BD.pdf\" target=\"_blank\">Bastion Prague Restaurant<\/a> with a beautiful view of Prague.<\/p>\n\n\n\n<figure class=\"wp-block-image size-large\"><img loading=\"lazy\" width=\"1024\" height=\"667\" src=\"https:\/\/web.natur.cuni.cz\/eccn10\/wp-content\/uploads\/2022\/05\/restaurace-vecer-1024x667.jpg\" alt=\"\" class=\"wp-image-5765\" srcset=\"https:\/\/web.natur.cuni.cz\/eccn10\/wp-content\/uploads\/2022\/05\/restaurace-vecer-1024x667.jpg 1024w, https:\/\/web.natur.cuni.cz\/eccn10\/wp-content\/uploads\/2022\/05\/restaurace-vecer-300x195.jpg 300w, https:\/\/web.natur.cuni.cz\/eccn10\/wp-content\/uploads\/2022\/05\/restaurace-vecer-768x500.jpg 768w, https:\/\/web.natur.cuni.cz\/eccn10\/wp-content\/uploads\/2022\/05\/restaurace-vecer-1536x1000.jpg 1536w, https:\/\/web.natur.cuni.cz\/eccn10\/wp-content\/uploads\/2022\/05\/restaurace-vecer-2048x1333.jpg 2048w\" sizes=\"(max-width: 1024px) 100vw, 1024px\" \/><\/figure>\n\n\n\n<h2>How to get there<\/h2>\n\n\n\n<div class=\"wp-block-uagb-google-map uagb-google-map__wrap uagb-block-2407b9ce\"><iframe class=\"uagb-google-map__iframe\" title=\"Google Map for Albertov 6\" src=\"https:\/\/www.google.com\/maps\/embed\/v1\/place?key=AIzaSyAsd_d46higiozY-zNqtr7zdA81Soswje4&amp;q=Albertov%206&amp;zoom=16&amp;language=en\" style=\"height:500px\"><\/iframe><\/div>\n\n\n\n<div style=\"height:63px\" aria-hidden=\"true\" class=\"wp-block-spacer\"><\/div>\n\n\n\n<p>The conference venue is easily reached by tram to the station \u201cAlbertov\u201d (lines 3,10,14,16,17,18,24). You can use metro line B to the station \u201cKarlovo N\u00e1m\u011bst\u00ed\u201d and then change to tram line 14, 18 or 24 and go three stops to the station \u201cAlbertov\u201d. Alternatively, you can use metro line C to station \u201cI.P. Pavlova\u201d and then take the bus 148 to the station &#8220;D\u011btsk\u00e1 nemocnice Karlov&#8221; and walk from there (involves a walk down a long flight of stairs) . There are also plenty of taxi services you can use. Going by car is not recommended, parking is very limited in the city center.<\/p>\n\n\n\n<div class=\"wp-container-69e327b5a5b79 wp-block-group\"><div class=\"wp-block-group__inner-container\"><\/div><\/div>\n","protected":false},"excerpt":{"rendered":"<p>The ECCN10 will take place at the Faculty of Science, Charles University. The campus was built at the beginning of the 20th century on the edge of the New Town (part of the historic center of Prague founded in 1348 by Charles IV) in the vicinity of fort Vy\u0161ehrad and the Vltava River. Albertov 6 [&hellip;]<\/p>\n","protected":false},"author":1,"featured_media":0,"parent":0,"menu_order":0,"comment_status":"closed","ping_status":"closed","template":"","meta":{"ub_ctt_via":"","ngg_post_thumbnail":0},"featured_image_src":null,"uagb_featured_image_src":{"full":false,"thumbnail":false,"medium":false,"medium_large":false,"large":false,"1536x1536":false,"2048x2048":false},"uagb_author_info":{"display_name":"karak1af","author_link":"https:\/\/web.natur.cuni.cz\/eccn10\/author\/karak1af\/"},"uagb_comment_info":0,"uagb_excerpt":"The ECCN10 will take place at the Faculty of Science, Charles University. The campus was built at the beginning of the 20th century on the edge of the New Town (part of the historic center of Prague founded in 1348 by Charles IV) in the vicinity of fort Vy\u0161ehrad and the Vltava River. Albertov 6&hellip;","_links":{"self":[{"href":"https:\/\/web.natur.cuni.cz\/eccn10\/wp-json\/wp\/v2\/pages\/5002"}],"collection":[{"href":"https:\/\/web.natur.cuni.cz\/eccn10\/wp-json\/wp\/v2\/pages"}],"about":[{"href":"https:\/\/web.natur.cuni.cz\/eccn10\/wp-json\/wp\/v2\/types\/page"}],"author":[{"embeddable":true,"href":"https:\/\/web.natur.cuni.cz\/eccn10\/wp-json\/wp\/v2\/users\/1"}],"replies":[{"embeddable":true,"href":"https:\/\/web.natur.cuni.cz\/eccn10\/wp-json\/wp\/v2\/comments?post=5002"}],"version-history":[{"count":17,"href":"https:\/\/web.natur.cuni.cz\/eccn10\/wp-json\/wp\/v2\/pages\/5002\/revisions"}],"predecessor-version":[{"id":5767,"href":"https:\/\/web.natur.cuni.cz\/eccn10\/wp-json\/wp\/v2\/pages\/5002\/revisions\/5767"}],"wp:attachment":[{"href":"https:\/\/web.natur.cuni.cz\/eccn10\/wp-json\/wp\/v2\/media?parent=5002"}],"curies":[{"name":"wp","href":"https:\/\/api.w.org\/{rel}","templated":true}]}}