{"id":6046,"date":"2022-10-07T16:07:03","date_gmt":"2022-10-07T16:07:03","guid":{"rendered":"https:\/\/web.natur.cuni.cz\/physgeo\/dendro\/?page_id=6046"},"modified":"2025-07-06T08:59:12","modified_gmt":"2025-07-06T07:59:12","slug":"completed-theses","status":"publish","type":"page","link":"https:\/\/web.natur.cuni.cz\/physgeo\/dendro\/completed-theses\/","title":{"rendered":"Completed theses"},"content":{"rendered":"\n<p><\/p>\n\n\n\n<h3 class=\"wp-block-heading\">Completed B.Sc. and M.Sc. theses:<\/h3>\n\n\n\n<h2 class=\"wp-block-heading\">2025<\/h2>\n\n\n\n<h4 class=\"wp-block-heading\" id=\"jaroslav-vrska\">Lucie \u017divsov\u00e1<\/h4>\n\n\n\n<p id=\"jaroslav-vrska\">B.Sc thesis: Development of local tree-ring chronology of oak<\/p>\n\n\n\n<p>Supervisor: V\u00e1clav Treml<\/p>\n\n\n\n<div style=\"height:24px\" aria-hidden=\"true\" class=\"wp-block-spacer\"><\/div>\n\n\n\n<h4 class=\"wp-block-heading\">Martin Siegel<\/h4>\n\n\n\n<p>B.Sc. thesis: Climatic forcing of phenophases of selected Central European forest species<\/p>\n\n\n\n<p>Supervisor: V\u00e1clav Treml<\/p>\n\n\n\n<h2 class=\"wp-block-heading\">2024<\/h2>\n\n\n\n<h4 class=\"wp-block-heading\" id=\"klara-vlacilova\">Kl\u00e1ra Vl\u00e1\u010dilov\u00e1<\/h4>\n\n\n\n<p id=\"klara-vlacilova\">M.Sc. thesis: Which growth variables can be used for a prediction of future forest diebacks at a landscape scale?<\/p>\n\n\n\n<p>Supervisor: Jan Tumajer<\/p>\n\n\n\n<div style=\"height:20px\" aria-hidden=\"true\" class=\"wp-block-spacer\"><\/div>\n\n\n\n<h4 class=\"wp-block-heading\" id=\"miroslav-tomes\">Miroslav Tome\u0161<\/h4>\n\n\n\n<p id=\"miroslav-tomes\">M.Sc. thesis: Trends in wood-anatomical variables in Scots pine at treeline<\/p>\n\n\n\n<p>Supervisor: V\u00e1clav Treml<\/p>\n\n\n\n<h2 class=\"wp-block-heading\">2022<\/h2>\n\n\n\n<h4 class=\"wp-block-heading\" id=\"petr-fiser\">Petr Fi\u0161er<\/h4>\n\n\n\n<p>M.Sc. thesis: Effects of topographic variability on tree growth and climate-growth responses: a case study from the Koko\u0159\u00ednsko sandstone cliff area<\/p>\n\n\n\n<p>Supervisor: V\u00e1clav Treml<\/p>\n\n\n\n<div style=\"height:20px\" aria-hidden=\"true\" class=\"wp-block-spacer\"><\/div>\n\n\n\n<h4 class=\"wp-block-heading\" id=\"katerina-zbornikova\">Kate\u0159ina Zborn\u00edkov\u00e1<\/h4>\n\n\n\n<p>B.Sc. thesis: Latitudinal trends of tree-ring width at treeline<\/p>\n\n\n\n<p>Supervisor: V\u00e1clav Treml<\/p>\n\n\n\n<div style=\"height:20px\" aria-hidden=\"true\" class=\"wp-block-spacer\"><\/div>\n\n\n\n<h4 class=\"wp-block-heading\" id=\"dominik-mach\">Dominik Mach<\/h4>\n\n\n\n<p>M.Sc. thesis: The impact of mountain farming decline on forest stands in the eastern part of Krkono\u0161e Mts.<\/p>\n\n\n\n<p>Supervisor: V\u00e1clav Treml<\/p>\n\n\n\n<div style=\"height:20px\" aria-hidden=\"true\" class=\"wp-block-spacer\"><\/div>\n\n\n\n<h4 class=\"wp-block-heading\" id=\"katerina-prochazkova-defended-january-2022\">Kate\u0159ina Proch\u00e1zkov\u00e1<\/h4>\n\n\n\n<p>M.Sc. thesis: Influence of historical acid deposition on current growth trends of mountain forests in the Krkono\u0161e Mts.<\/p>\n\n\n\n<p>Supervisor: Jan Tumajer<\/p>\n","protected":false},"excerpt":{"rendered":"<p>Completed B.Sc. and M.Sc. theses: 2025 Lucie \u017divsov\u00e1 B.Sc thesis: Development of local tree-ring chronology of oak Supervisor: V\u00e1clav Treml Martin Siegel B.Sc. thesis: Climatic forcing of phenophases of selected Central European forest species Supervisor: V\u00e1clav Treml 2024 Kl\u00e1ra Vl\u00e1\u010dilov\u00e1 M.Sc. thesis: Which growth variables can be used for a prediction of future forest diebacks [&hellip;]<\/p>\n","protected":false},"author":1,"featured_media":0,"parent":0,"menu_order":0,"comment_status":"closed","ping_status":"closed","template":"","meta":{"_uag_custom_page_level_css":"","footnotes":""},"class_list":["post-6046","page","type-page","status-publish","hentry"],"uagb_featured_image_src":{"full":false,"thumbnail":false,"medium":false,"medium_large":false,"large":false,"1536x1536":false,"2048x2048":false},"uagb_author_info":{"display_name":"dendro","author_link":"https:\/\/web.natur.cuni.cz\/physgeo\/dendro\/author\/dendro\/"},"uagb_comment_info":0,"uagb_excerpt":"Completed B.Sc. and M.Sc. theses: 2025 Lucie \u017divsov\u00e1 B.Sc thesis: Development of local tree-ring chronology of oak Supervisor: V\u00e1clav Treml Martin Siegel B.Sc. thesis: Climatic forcing of phenophases of selected Central European forest species Supervisor: V\u00e1clav Treml 2024 Kl\u00e1ra Vl\u00e1\u010dilov\u00e1 M.Sc. thesis: Which growth variables can be used for a prediction of future forest diebacks&hellip;","_links":{"self":[{"href":"https:\/\/web.natur.cuni.cz\/physgeo\/dendro\/wp-json\/wp\/v2\/pages\/6046","targetHints":{"allow":["GET"]}}],"collection":[{"href":"https:\/\/web.natur.cuni.cz\/physgeo\/dendro\/wp-json\/wp\/v2\/pages"}],"about":[{"href":"https:\/\/web.natur.cuni.cz\/physgeo\/dendro\/wp-json\/wp\/v2\/types\/page"}],"author":[{"embeddable":true,"href":"https:\/\/web.natur.cuni.cz\/physgeo\/dendro\/wp-json\/wp\/v2\/users\/1"}],"replies":[{"embeddable":true,"href":"https:\/\/web.natur.cuni.cz\/physgeo\/dendro\/wp-json\/wp\/v2\/comments?post=6046"}],"version-history":[{"count":11,"href":"https:\/\/web.natur.cuni.cz\/physgeo\/dendro\/wp-json\/wp\/v2\/pages\/6046\/revisions"}],"predecessor-version":[{"id":6517,"href":"https:\/\/web.natur.cuni.cz\/physgeo\/dendro\/wp-json\/wp\/v2\/pages\/6046\/revisions\/6517"}],"wp:attachment":[{"href":"https:\/\/web.natur.cuni.cz\/physgeo\/dendro\/wp-json\/wp\/v2\/media?parent=6046"}],"curies":[{"name":"wp","href":"https:\/\/api.w.org\/{rel}","templated":true}]}}