{"id":4910,"date":"2021-01-20T09:34:59","date_gmt":"2021-01-20T08:34:59","guid":{"rendered":"https:\/\/ukazky.euweb.cz\/?page_id=4910"},"modified":"2025-01-08T17:22:03","modified_gmt":"2025-01-08T17:22:03","slug":"cooperations","status":"publish","type":"page","link":"https:\/\/web.natur.cuni.cz\/ugp\/mpg\/cooperations\/","title":{"rendered":"Major Cooperations"},"content":{"rendered":"\n<div style=\"height:40px\" aria-hidden=\"true\" class=\"wp-block-spacer\"><\/div>\n\n\n\n<div class=\"wp-block-media-text alignwide is-stacked-on-mobile\" style=\"grid-template-columns:25% auto\"><figure class=\"wp-block-media-text__media\"><img loading=\"lazy\" decoding=\"async\" width=\"564\" height=\"253\" src=\"https:\/\/web.natur.cuni.cz\/ugp\/mpg\/wp-content\/uploads\/2023\/01\/USP-LOGO-05.png\" alt=\"\" class=\"wp-image-5788 size-full\" srcset=\"https:\/\/web.natur.cuni.cz\/ugp\/mpg\/wp-content\/uploads\/2023\/01\/USP-LOGO-05.png 564w, https:\/\/web.natur.cuni.cz\/ugp\/mpg\/wp-content\/uploads\/2023\/01\/USP-LOGO-05-300x135.png 300w\" sizes=\"auto, (max-width: 564px) 100vw, 564px\" \/><\/figure><div class=\"wp-block-media-text__content\">\n<h2 class=\"wp-block-heading\" style=\"font-size:26px\">Oceanographic Institute University of S\u00e3o Paulo<\/h2>\n\n\n\n<p class=\"projects-cooperation has-medium-font-size\"><strong><em>Prof. Karen Badaraco Costa<\/em><\/strong><\/p>\n\n\n\n<p class=\"projects-cooperation\"><\/p>\n<\/div><\/div>\n\n\n\n<div style=\"height:40px\" aria-hidden=\"true\" class=\"wp-block-spacer\"><\/div>\n\n\n\n<div class=\"wp-block-media-text alignwide is-stacked-on-mobile\" style=\"grid-template-columns:25% auto\"><figure class=\"wp-block-media-text__media\"><img loading=\"lazy\" decoding=\"async\" width=\"1024\" height=\"504\" src=\"https:\/\/web.natur.cuni.cz\/ugp\/mpg\/wp-content\/uploads\/2023\/01\/MARUM-Logo.svg_-1024x504.png\" alt=\"\" class=\"wp-image-5787 size-full\" srcset=\"https:\/\/web.natur.cuni.cz\/ugp\/mpg\/wp-content\/uploads\/2023\/01\/MARUM-Logo.svg_-1024x504.png 1024w, https:\/\/web.natur.cuni.cz\/ugp\/mpg\/wp-content\/uploads\/2023\/01\/MARUM-Logo.svg_-300x148.png 300w, https:\/\/web.natur.cuni.cz\/ugp\/mpg\/wp-content\/uploads\/2023\/01\/MARUM-Logo.svg_-768x378.png 768w, https:\/\/web.natur.cuni.cz\/ugp\/mpg\/wp-content\/uploads\/2023\/01\/MARUM-Logo.svg_-1536x755.png 1536w, https:\/\/web.natur.cuni.cz\/ugp\/mpg\/wp-content\/uploads\/2023\/01\/MARUM-Logo.svg_-2048x1007.png 2048w\" sizes=\"auto, (max-width: 1024px) 100vw, 1024px\" \/><\/figure><div class=\"wp-block-media-text__content\">\n<h2 class=\"wp-block-heading\" style=\"font-size:26px\">MARUM Center for Marine Environmental Sciences <\/h2>\n\n\n\n<h2 class=\"wp-block-heading\" style=\"font-size:26px\">University of Bremen<\/h2>\n\n\n\n<p class=\"projects-cooperation has-medium-font-size\"><em><strong>Dr Henning Kuhnert <\/strong><\/em><\/p>\n<\/div><\/div>\n\n\n\n<div style=\"height:40px\" aria-hidden=\"true\" class=\"wp-block-spacer\"><\/div>\n\n\n\n<div class=\"wp-block-media-text alignwide is-stacked-on-mobile\" style=\"grid-template-columns:25% auto\"><figure class=\"wp-block-media-text__media\"><img loading=\"lazy\" decoding=\"async\" width=\"347\" height=\"145\" src=\"https:\/\/web.natur.cuni.cz\/ugp\/mpg\/wp-content\/uploads\/2025\/01\/AWI.png\" alt=\"\" class=\"wp-image-5900 size-full\" srcset=\"https:\/\/web.natur.cuni.cz\/ugp\/mpg\/wp-content\/uploads\/2025\/01\/AWI.png 347w, https:\/\/web.natur.cuni.cz\/ugp\/mpg\/wp-content\/uploads\/2025\/01\/AWI-300x125.png 300w\" sizes=\"auto, (max-width: 347px) 100vw, 347px\" \/><\/figure><div class=\"wp-block-media-text__content\">\n<h2 class=\"wp-block-heading\" style=\"font-size:26px\">Alfred Wegener Institute for Polar and Marine Research<\/h2>\n\n\n\n<p class=\"projects-cooperation has-medium-font-size\"><strong><em>Dr Albert Benthien<\/em><\/strong><\/p>\n\n\n\n<p class=\"projects-cooperation\"><\/p>\n<\/div><\/div>\n\n\n\n<div style=\"height:40px\" aria-hidden=\"true\" class=\"wp-block-spacer\"><\/div>\n\n\n\n<div class=\"wp-block-media-text alignwide is-stacked-on-mobile\" style=\"grid-template-columns:25% auto\"><figure class=\"wp-block-media-text__media\"><img loading=\"lazy\" decoding=\"async\" width=\"640\" height=\"335\" src=\"https:\/\/web.natur.cuni.cz\/ugp\/mpg\/wp-content\/uploads\/2021\/07\/640px-LMU_Muenchen_Logo.svg_.png\" alt=\"\" class=\"wp-image-5458 size-full\" srcset=\"https:\/\/web.natur.cuni.cz\/ugp\/mpg\/wp-content\/uploads\/2021\/07\/640px-LMU_Muenchen_Logo.svg_.png 640w, https:\/\/web.natur.cuni.cz\/ugp\/mpg\/wp-content\/uploads\/2021\/07\/640px-LMU_Muenchen_Logo.svg_-300x157.png 300w\" sizes=\"auto, (max-width: 640px) 100vw, 640px\" \/><\/figure><div class=\"wp-block-media-text__content\">\n<h2 class=\"wp-block-heading\" style=\"font-size:26px\">Department of Earth and Environmental Sciences Palaeontology &amp; Geobiology, Ludwig-Maximilians-University of Munich<\/h2>\n\n\n\n<p class=\"projects-cooperation has-medium-font-size\"><strong><em>Prof.<\/em> <em>Bettina Reichenbacher<\/em><\/strong><\/p>\n\n\n\n<p class=\"projects-cooperation\"><\/p>\n<\/div><\/div>\n\n\n\n<div style=\"height:40px\" aria-hidden=\"true\" class=\"wp-block-spacer\"><\/div>\n\n\n\n<div class=\"wp-block-media-text alignwide is-stacked-on-mobile\" style=\"grid-template-columns:25% auto\"><figure class=\"wp-block-media-text__media\"><img loading=\"lazy\" decoding=\"async\" width=\"1024\" height=\"1009\" src=\"https:\/\/web.natur.cuni.cz\/ugp\/mpg\/wp-content\/uploads\/2025\/01\/Utrecht_University_logo.svg_-1024x1009.png\" alt=\"\" class=\"wp-image-5909 size-full\" srcset=\"https:\/\/web.natur.cuni.cz\/ugp\/mpg\/wp-content\/uploads\/2025\/01\/Utrecht_University_logo.svg_-1024x1009.png 1024w, https:\/\/web.natur.cuni.cz\/ugp\/mpg\/wp-content\/uploads\/2025\/01\/Utrecht_University_logo.svg_-300x296.png 300w, https:\/\/web.natur.cuni.cz\/ugp\/mpg\/wp-content\/uploads\/2025\/01\/Utrecht_University_logo.svg_-768x756.png 768w, https:\/\/web.natur.cuni.cz\/ugp\/mpg\/wp-content\/uploads\/2025\/01\/Utrecht_University_logo.svg_.png 1200w\" sizes=\"auto, (max-width: 1024px) 100vw, 1024px\" \/><\/figure><div class=\"wp-block-media-text__content\">\n<h2 class=\"wp-block-heading\" style=\"font-size:26px\">University Utrecht<\/h2>\n\n\n\n<p class=\"projects-cooperation has-medium-font-size\"><strong><em>Dr Dan V. Palcu-Rolier<\/em><\/strong><\/p>\n\n\n\n<p class=\"projects-cooperation\"><\/p>\n<\/div><\/div>\n\n\n\n<div style=\"height:40px\" aria-hidden=\"true\" class=\"wp-block-spacer\"><\/div>\n\n\n\n<div style=\"height:40px\" aria-hidden=\"true\" class=\"wp-block-spacer\"><\/div>\n\n\n\n<div class=\"wp-block-media-text alignwide is-stacked-on-mobile\" style=\"grid-template-columns:25% auto\"><figure class=\"wp-block-media-text__media\"><img loading=\"lazy\" decoding=\"async\" width=\"400\" height=\"242\" src=\"https:\/\/web.natur.cuni.cz\/ugp\/mpg\/wp-content\/uploads\/2021\/07\/VQhLfqit-ZUqWizrdOqIxQhpuLpGaz8t6DDW5bNLUs5BdT94-5B0aIORaK0Oj7xmhceqkvDoRmK5P7zhezcgaCA3V4J97B4tzPfLzDpn4CSgUwXwHfbNbQt2T7NCdKtba7dcOtaM2gDnvr0dHzPTgWuHhg.jpg\" alt=\"\" class=\"wp-image-5454 size-full\" srcset=\"https:\/\/web.natur.cuni.cz\/ugp\/mpg\/wp-content\/uploads\/2021\/07\/VQhLfqit-ZUqWizrdOqIxQhpuLpGaz8t6DDW5bNLUs5BdT94-5B0aIORaK0Oj7xmhceqkvDoRmK5P7zhezcgaCA3V4J97B4tzPfLzDpn4CSgUwXwHfbNbQt2T7NCdKtba7dcOtaM2gDnvr0dHzPTgWuHhg.jpg 400w, https:\/\/web.natur.cuni.cz\/ugp\/mpg\/wp-content\/uploads\/2021\/07\/VQhLfqit-ZUqWizrdOqIxQhpuLpGaz8t6DDW5bNLUs5BdT94-5B0aIORaK0Oj7xmhceqkvDoRmK5P7zhezcgaCA3V4J97B4tzPfLzDpn4CSgUwXwHfbNbQt2T7NCdKtba7dcOtaM2gDnvr0dHzPTgWuHhg-300x182.jpg 300w\" sizes=\"auto, (max-width: 400px) 100vw, 400px\" \/><\/figure><div class=\"wp-block-media-text__content\">\n<h2 class=\"wp-block-heading\" style=\"font-size:26px\">Geological Institute of the Czech Academy of Sciences<\/h2>\n\n\n\n<p class=\"projects-cooperation has-medium-font-size\"><em><strong>Dr Luk\u00e1\u0161 Ackerman and his lab<\/strong><\/em><\/p>\n<\/div><\/div>\n\n\n\n<div style=\"height:40px\" aria-hidden=\"true\" class=\"wp-block-spacer\"><\/div>\n\n\n\n<div class=\"wp-block-media-text alignwide is-stacked-on-mobile\" style=\"grid-template-columns:25% auto\"><figure class=\"wp-block-media-text__media\"><img loading=\"lazy\" decoding=\"async\" width=\"300\" height=\"300\" src=\"https:\/\/web.natur.cuni.cz\/ugp\/mpg\/wp-content\/uploads\/2021\/07\/logo_usmh.png\" alt=\"\" class=\"wp-image-5456 size-full\" srcset=\"https:\/\/web.natur.cuni.cz\/ugp\/mpg\/wp-content\/uploads\/2021\/07\/logo_usmh.png 300w, https:\/\/web.natur.cuni.cz\/ugp\/mpg\/wp-content\/uploads\/2021\/07\/logo_usmh-150x150.png 150w\" sizes=\"auto, (max-width: 300px) 100vw, 300px\" \/><\/figure><div class=\"wp-block-media-text__content\">\n<h2 class=\"wp-block-heading\" style=\"font-size:26px\">Institute of Rock Structure and Mechanics, The Czech Academy of Sciences<\/h2>\n\n\n\n<p class=\"projects-cooperation has-medium-font-size\"><em><strong>Dr Martina Havelcov\u00e1 and her lab<\/strong><\/em><\/p>\n<\/div><\/div>\n\n\n\n<div style=\"height:40px\" aria-hidden=\"true\" class=\"wp-block-spacer\"><\/div>\n\n\n\n<div class=\"wp-block-media-text alignwide is-stacked-on-mobile\" style=\"grid-template-columns:25% auto\"><figure class=\"wp-block-media-text__media\"><img loading=\"lazy\" decoding=\"async\" width=\"150\" height=\"150\" src=\"https:\/\/web.natur.cuni.cz\/ugp\/mpg\/wp-content\/uploads\/2021\/07\/logo_192-1.jpg\" alt=\"\" class=\"wp-image-5461 size-full\"\/><\/figure><div class=\"wp-block-media-text__content\">\n<h2 class=\"wp-block-heading\" style=\"font-size:26px\">Earth Science Institute, Slovak Academy of Sciences<\/h2>\n\n\n\n<p class=\"projects-cooperation has-medium-font-size\"><em><strong>Dr Rastislav Milovsk\u00fd and his lab<\/strong><\/em><\/p>\n<\/div><\/div>\n\n\n\n<div style=\"height:40px\" aria-hidden=\"true\" class=\"wp-block-spacer\"><\/div>\n\n\n\n<div class=\"wp-block-media-text alignwide is-stacked-on-mobile\" style=\"grid-template-columns:25% auto\"><figure class=\"wp-block-media-text__media\"><img loading=\"lazy\" decoding=\"async\" width=\"600\" height=\"597\" src=\"https:\/\/web.natur.cuni.cz\/ugp\/mpg\/wp-content\/uploads\/2021\/07\/Prirodov.fa_LINKA_10-1.png\" alt=\"\" class=\"wp-image-5462 size-full\" srcset=\"https:\/\/web.natur.cuni.cz\/ugp\/mpg\/wp-content\/uploads\/2021\/07\/Prirodov.fa_LINKA_10-1.png 600w, https:\/\/web.natur.cuni.cz\/ugp\/mpg\/wp-content\/uploads\/2021\/07\/Prirodov.fa_LINKA_10-1-300x300.png 300w, https:\/\/web.natur.cuni.cz\/ugp\/mpg\/wp-content\/uploads\/2021\/07\/Prirodov.fa_LINKA_10-1-150x150.png 150w\" sizes=\"auto, (max-width: 600px) 100vw, 600px\" \/><\/figure><div class=\"wp-block-media-text__content\">\n<h2 class=\"wp-block-heading\" style=\"font-size:26px\">Department of Geology and Paleontology, Comenius University Bratislava<\/h2>\n\n\n\n<p class=\"projects-cooperation has-medium-font-size\"><strong><em>Prof<\/em>. <em>Michal Kov\u00e1\u010d and Prof. Nat\u00e1lia Hud\u00e1\u010dkov\u00e1<\/em><\/strong><\/p>\n<\/div><\/div>\n\n\n\n<div style=\"height:40px\" aria-hidden=\"true\" class=\"wp-block-spacer\"><\/div>\n\n\n\n<div class=\"wp-block-media-text alignwide is-stacked-on-mobile\" style=\"grid-template-columns:25% auto\"><figure class=\"wp-block-media-text__media\"><img loading=\"lazy\" decoding=\"async\" width=\"278\" height=\"139\" src=\"https:\/\/web.natur.cuni.cz\/ugp\/mpg\/wp-content\/uploads\/2021\/07\/sci-lg-eng-white_high_wide.jpg\" alt=\"\" class=\"wp-image-5463 size-full\"\/><\/figure><div class=\"wp-block-media-text__content\">\n<h2 class=\"wp-block-heading\" style=\"font-size:26px\">Institute of Geological Sciences, Masaryk University Brno<\/h2>\n\n\n\n<p class=\"projects-cooperation has-medium-font-size\"><strong><em>Dr Nela Dol\u00e1kov\u00e1<\/em> <em>and Dr Slavom\u00edr Nehyba<\/em><\/strong><\/p>\n<\/div><\/div>\n\n\n\n<p><\/p>\n","protected":false},"excerpt":{"rendered":"<p>Oceanographic Institute University of S\u00e3o Paulo Prof. Karen Badaraco Costa MARUM Center for Marine Environmental Sciences University of Bremen Dr Henning Kuhnert Alfred Wegener Institute for Polar and Marine Research Dr Albert Benthien Department of Earth and Environmental Sciences Palaeontology &amp; Geobiology, Ludwig-Maximilians-University of Munich Prof. Bettina Reichenbacher University Utrecht Dr Dan V. Palcu-Rolier Geological [&hellip;]<\/p>\n","protected":false},"author":1,"featured_media":0,"parent":0,"menu_order":0,"comment_status":"closed","ping_status":"closed","template":"","meta":{"_uag_custom_page_level_css":"","footnotes":""},"class_list":["post-4910","page","type-page","status-publish","hentry"],"uagb_featured_image_src":{"full":false,"thumbnail":false,"medium":false,"medium_large":false,"large":false,"1536x1536":false,"2048x2048":false},"uagb_author_info":{"display_name":"scheinef","author_link":"https:\/\/web.natur.cuni.cz\/ugp\/mpg\/author\/scheinef\/"},"uagb_comment_info":0,"uagb_excerpt":"Oceanographic Institute University of S\u00e3o Paulo Prof. Karen Badaraco Costa MARUM Center for Marine Environmental Sciences University of Bremen Dr Henning Kuhnert Alfred Wegener Institute for Polar and Marine Research Dr Albert Benthien Department of Earth and Environmental Sciences Palaeontology &amp; Geobiology, Ludwig-Maximilians-University of Munich Prof. Bettina Reichenbacher University Utrecht Dr Dan V. Palcu-Rolier Geological&hellip;","_links":{"self":[{"href":"https:\/\/web.natur.cuni.cz\/ugp\/mpg\/wp-json\/wp\/v2\/pages\/4910","targetHints":{"allow":["GET"]}}],"collection":[{"href":"https:\/\/web.natur.cuni.cz\/ugp\/mpg\/wp-json\/wp\/v2\/pages"}],"about":[{"href":"https:\/\/web.natur.cuni.cz\/ugp\/mpg\/wp-json\/wp\/v2\/types\/page"}],"author":[{"embeddable":true,"href":"https:\/\/web.natur.cuni.cz\/ugp\/mpg\/wp-json\/wp\/v2\/users\/1"}],"replies":[{"embeddable":true,"href":"https:\/\/web.natur.cuni.cz\/ugp\/mpg\/wp-json\/wp\/v2\/comments?post=4910"}],"version-history":[{"count":17,"href":"https:\/\/web.natur.cuni.cz\/ugp\/mpg\/wp-json\/wp\/v2\/pages\/4910\/revisions"}],"predecessor-version":[{"id":5955,"href":"https:\/\/web.natur.cuni.cz\/ugp\/mpg\/wp-json\/wp\/v2\/pages\/4910\/revisions\/5955"}],"wp:attachment":[{"href":"https:\/\/web.natur.cuni.cz\/ugp\/mpg\/wp-json\/wp\/v2\/media?parent=4910"}],"curies":[{"name":"wp","href":"https:\/\/api.w.org\/{rel}","templated":true}]}}