{"id":4995,"date":"2021-01-20T12:00:36","date_gmt":"2021-01-20T11:00:36","guid":{"rendered":"https:\/\/ukazky.euweb.cz\/?page_id=4995"},"modified":"2025-01-08T13:19:30","modified_gmt":"2025-01-08T13:19:30","slug":"opportunities","status":"publish","type":"page","link":"https:\/\/web.natur.cuni.cz\/ugp\/mpg\/opportunities\/","title":{"rendered":"Opportunities"},"content":{"rendered":"\n<p class=\"has-text-align-center\" style=\"font-size:27px\"><strong>Seeking any opportunities in our group? You are at the right place.<\/strong><\/p>\n\n\n\n<div class=\"wp-block-uagb-image aligncenter uagb-block-c24720b0 wp-block-uagb-image--layout-default wp-block-uagb-image--effect-static wp-block-uagb-image--align-center\"><figure class=\"wp-block-uagb-image__figure\"><img decoding=\"async\" srcset=\"https:\/\/web.natur.cuni.cz\/ugp\/mpg\/wp-content\/uploads\/2025\/01\/opportunity.jpg ,https:\/\/web.natur.cuni.cz\/ugp\/mpg\/wp-content\/uploads\/2025\/01\/opportunity.jpg 780w, https:\/\/web.natur.cuni.cz\/ugp\/mpg\/wp-content\/uploads\/2025\/01\/opportunity.jpg 360w\" sizes=\"auto, (max-width: 480px) 150px\" src=\"https:\/\/web.natur.cuni.cz\/ugp\/mpg\/wp-content\/uploads\/2025\/01\/opportunity.jpg\" alt=\"\" class=\"uag-image-5904\" width=\"334\" height=\"251\" title=\"opportunity\" loading=\"lazy\" role=\"img\"\/><\/figure><\/div>\n\n\n\n<div style=\"height:40px\" aria-hidden=\"true\" class=\"wp-block-spacer\"><\/div>\n\n\n\n<div class=\"wp-block-uagb-advanced-heading uagb-block-268906c3\"><h2 class=\"uagb-heading-text\">Examples of topics for diploma and bachelor theses<\/h2><\/div>\n\n\n\n<div class=\"wp-block-group\"><div class=\"wp-block-group__inner-container is-layout-flow wp-block-group-is-layout-flow\">\n<div class=\"wp-block-group\"><div class=\"wp-block-group__inner-container is-layout-flow wp-block-group-is-layout-flow\">\n<h3 class=\"wp-block-heading\">Do your thesis as a part of our team:<\/h3>\n\n\n\n<p style=\"font-size:18px\"><strong>We offer supervision of Bsc, Msc and PhD dissertations.<\/strong> Please do not hesitate to get in touch with us if you are interested.<\/p>\n\n\n\n<div style=\"height:40px\" aria-hidden=\"true\" class=\"wp-block-spacer\"><\/div>\n\n\n<div class=\"wp-block-uagb-faq uagb-faq__outer-wrap uagb-block-2e5d256c uagb-faq-icon-row uagb-faq-layout-accordion uagb-faq-expand-first-true uagb-faq-inactive-other-true uagb-faq__wrap uagb-buttons-layout-wrap uagb-faq-equal-height     \" data-faqtoggle=\"true\" role=\"tablist\"><div class=\"wp-block-uagb-faq-child uagb-faq-child__outer-wrap uagb-faq-item uagb-block-a4500571 \" role=\"tab\" tabindex=\"0\"><div class=\"uagb-faq-questions-button uagb-faq-questions\">\t\t\t<span class=\"uagb-icon uagb-faq-icon-wrap\">\n\t\t\t\t\t\t\t\t<svg xmlns=\"https:\/\/www.w3.org\/2000\/svg\" viewBox= \"0 0 448 512\"><path d=\"M432 256c0 17.69-14.33 32.01-32 32.01H256v144c0 17.69-14.33 31.99-32 31.99s-32-14.3-32-31.99v-144H48c-17.67 0-32-14.32-32-32.01s14.33-31.99 32-31.99H192v-144c0-17.69 14.33-32.01 32-32.01s32 14.32 32 32.01v144h144C417.7 224 432 238.3 432 256z\"><\/path><\/svg>\n\t\t\t\t\t\t\t<\/span>\n\t\t\t\t\t\t<span class=\"uagb-icon-active uagb-faq-icon-wrap\">\n\t\t\t\t\t\t\t\t<svg xmlns=\"https:\/\/www.w3.org\/2000\/svg\" viewBox= \"0 0 448 512\"><path d=\"M400 288h-352c-17.69 0-32-14.32-32-32.01s14.31-31.99 32-31.99h352c17.69 0 32 14.3 32 31.99S417.7 288 400 288z\"><\/path><\/svg>\n\t\t\t\t\t\t\t<\/span>\n\t\t\t<span class=\"uagb-question\">Bachelor\/Master thesis<\/span><\/div><div class=\"uagb-faq-content\"><p><strong>Stabiln\u00ed izotopy kysl\u00edku a uhl\u00edku jako proxy paleoce\u00e1nografick\u00fdch zm\u011bn \u2013 mioc\u00e9n St\u0159edozemn\u00edho mo\u0159e<\/strong><br><br><strong>Stable isotopes of carbon and oxygen as a paleoceanographical proxies &#8211; Miocene of the Mediterranean<\/strong> <strong>Sea<\/strong><br><br>Supervisor: Filip Scheiner<\/p><\/div><\/div><div class=\"wp-block-uagb-faq-child uagb-faq-child__outer-wrap uagb-faq-item uagb-block-e5a0f0bc \" role=\"tab\" tabindex=\"0\"><div class=\"uagb-faq-questions-button uagb-faq-questions\">\t\t\t<span class=\"uagb-icon uagb-faq-icon-wrap\">\n\t\t\t\t\t\t\t\t<svg xmlns=\"https:\/\/www.w3.org\/2000\/svg\" viewBox= \"0 0 448 512\"><path d=\"M432 256c0 17.69-14.33 32.01-32 32.01H256v144c0 17.69-14.33 31.99-32 31.99s-32-14.3-32-31.99v-144H48c-17.67 0-32-14.32-32-32.01s14.33-31.99 32-31.99H192v-144c0-17.69 14.33-32.01 32-32.01s32 14.32 32 32.01v144h144C417.7 224 432 238.3 432 256z\"><\/path><\/svg>\n\t\t\t\t\t\t\t<\/span>\n\t\t\t\t\t\t<span class=\"uagb-icon-active uagb-faq-icon-wrap\">\n\t\t\t\t\t\t\t\t<svg xmlns=\"https:\/\/www.w3.org\/2000\/svg\" viewBox= \"0 0 448 512\"><path d=\"M400 288h-352c-17.69 0-32-14.32-32-32.01s14.31-31.99 32-31.99h352c17.69 0 32 14.3 32 31.99S417.7 288 400 288z\"><\/path><\/svg>\n\t\t\t\t\t\t\t<\/span>\n\t\t\t<span class=\"uagb-question\">Bachelor\/Master thesis<\/span><\/div><div class=\"uagb-faq-content\"><p><strong>Kvantifikace vlivu saturace karbon\u00e1tov\u00fdch iont\u016f na Mg\/Ca paleotermometrii foraminifer St\u0159edozemn\u00edho mo\u0159e<\/strong><br><strong><br>The effect of carbon ion saturation on Mg\/Ca concentrations in foraminiferal carbonate &#8211; a case study from the Mediterranean Sea<\/strong><br><br>Supervisor: Filip Scheiner<\/p><\/div><\/div><div class=\"wp-block-uagb-faq-child uagb-faq-child__outer-wrap uagb-faq-item uagb-block-01d835d0 \" role=\"tab\" tabindex=\"0\"><div class=\"uagb-faq-questions-button uagb-faq-questions\">\t\t\t<span class=\"uagb-icon uagb-faq-icon-wrap\">\n\t\t\t\t\t\t\t\t<svg xmlns=\"https:\/\/www.w3.org\/2000\/svg\" viewBox= \"0 0 448 512\"><path d=\"M432 256c0 17.69-14.33 32.01-32 32.01H256v144c0 17.69-14.33 31.99-32 31.99s-32-14.3-32-31.99v-144H48c-17.67 0-32-14.32-32-32.01s14.33-31.99 32-31.99H192v-144c0-17.69 14.33-32.01 32-32.01s32 14.32 32 32.01v144h144C417.7 224 432 238.3 432 256z\"><\/path><\/svg>\n\t\t\t\t\t\t\t<\/span>\n\t\t\t\t\t\t<span class=\"uagb-icon-active uagb-faq-icon-wrap\">\n\t\t\t\t\t\t\t\t<svg xmlns=\"https:\/\/www.w3.org\/2000\/svg\" viewBox= \"0 0 448 512\"><path d=\"M400 288h-352c-17.69 0-32-14.32-32-32.01s14.31-31.99 32-31.99h352c17.69 0 32 14.3 32 31.99S417.7 288 400 288z\"><\/path><\/svg>\n\t\t\t\t\t\t\t<\/span>\n\t\t\t<span class=\"uagb-question\">Bachelor thesis<\/span><\/div><div class=\"uagb-faq-content\"><p><strong>Podmo\u0159sk\u00e9 louky \u2013 mo\u017enosti identifikace ve fosiln\u00edm z\u00e1znamu<\/strong><br><br><strong>Seagrass meadows &#8211; their identification in fossil record<\/strong><br><br>Supervisor: Katar\u00edna Holcov\u00e1<\/p><\/div><\/div><\/div><\/div><\/div>\n<\/div><\/div>\n\n\n\n<div class=\"wp-block-group\"><div class=\"wp-block-group__inner-container is-layout-flow wp-block-group-is-layout-flow\"><\/div><\/div>\n","protected":false},"excerpt":{"rendered":"<p>Seeking any opportunities in our group? You are at the right place. Examples of topics for diploma and bachelor theses Do your thesis as a part of our team: We offer supervision of Bsc, Msc and PhD dissertations. Please do not hesitate to get in touch with us if you are interested.<\/p>\n","protected":false},"author":1,"featured_media":0,"parent":0,"menu_order":0,"comment_status":"closed","ping_status":"closed","template":"","meta":{"_uag_custom_page_level_css":"","footnotes":""},"class_list":["post-4995","page","type-page","status-publish","hentry"],"uagb_featured_image_src":{"full":false,"thumbnail":false,"medium":false,"medium_large":false,"large":false,"1536x1536":false,"2048x2048":false},"uagb_author_info":{"display_name":"scheinef","author_link":"https:\/\/web.natur.cuni.cz\/ugp\/mpg\/author\/scheinef\/"},"uagb_comment_info":0,"uagb_excerpt":"Seeking any opportunities in our group? You are at the right place. Examples of topics for diploma and bachelor theses Do your thesis as a part of our team: We offer supervision of Bsc, Msc and PhD dissertations. Please do not hesitate to get in touch with us if you are interested.","_links":{"self":[{"href":"https:\/\/web.natur.cuni.cz\/ugp\/mpg\/wp-json\/wp\/v2\/pages\/4995","targetHints":{"allow":["GET"]}}],"collection":[{"href":"https:\/\/web.natur.cuni.cz\/ugp\/mpg\/wp-json\/wp\/v2\/pages"}],"about":[{"href":"https:\/\/web.natur.cuni.cz\/ugp\/mpg\/wp-json\/wp\/v2\/types\/page"}],"author":[{"embeddable":true,"href":"https:\/\/web.natur.cuni.cz\/ugp\/mpg\/wp-json\/wp\/v2\/users\/1"}],"replies":[{"embeddable":true,"href":"https:\/\/web.natur.cuni.cz\/ugp\/mpg\/wp-json\/wp\/v2\/comments?post=4995"}],"version-history":[{"count":20,"href":"https:\/\/web.natur.cuni.cz\/ugp\/mpg\/wp-json\/wp\/v2\/pages\/4995\/revisions"}],"predecessor-version":[{"id":5908,"href":"https:\/\/web.natur.cuni.cz\/ugp\/mpg\/wp-json\/wp\/v2\/pages\/4995\/revisions\/5908"}],"wp:attachment":[{"href":"https:\/\/web.natur.cuni.cz\/ugp\/mpg\/wp-json\/wp\/v2\/media?parent=4995"}],"curies":[{"name":"wp","href":"https:\/\/api.w.org\/{rel}","templated":true}]}}